INSERT INTO `info_building_item_level` (`ibisn`,`next_level`,`add_buff`,`need_imsn`,`need_price`) VALUES (100403,56,0,1,560);
INSERT INTO `info_building_item_level` (`ibisn`,`next_level`,`add_buff`,`need_imsn`,`need_price`) VALUES (100403,57,0,1,570);
INSERT INTO `info_building_item_level` (`ibisn`,`next_level`,`add_buff`,`need_imsn`,`need_price`) VALUES (100403,58,0,1,580);
INSERT INTO `info_building_item_level` (`ibisn`,`next_level`,`add_buff`,`need_imsn`,`need_price`) VALUES (100403,59,0,1,590);
INSERT INTO `info_building_item_level` (`ibisn`,`next_level`,`add_buff`,`need_imsn`,`need_price`) VALUES (100403,60,0,1,600);
INSERT INTO `info_building_item_level` (`ibisn`,`next_level`,`add_buff`,`need_imsn`,`need_price`) VALUES (100403,61,0,1,610);
INSERT INTO `info_building_item_level` (`ibisn`,`next_level`,`add_buff`,`need_imsn`,`need_price`) VALUES (100403,62,0,1,620);
INSERT INTO `info_building_item_level` (`ibisn`,`next_level`,`add_buff`,`need_imsn`,`need_price`) VALUES (100403,63,0,1,630);
INSERT INTO `info_building_item_level` (`ibisn`,`next_level`,`add_buff`,`need_imsn`,`need_price`) VALUES (100403,64,0,1,640);
INSERT INTO `info_building_item_level` (`ibisn`,`next_level`,`add_buff`,`need_imsn`,`need_price`) VALUES (100403,65,0,1,650);
INSERT INTO `info_building_item_level` (`ibisn`,`next_level`,`add_buff`,`need_imsn`,`need_price`) VALUES (100403,66,0,1,660);
INSERT INTO `info_building_item_level` (`ibisn`,`next_level`,`add_buff`,`need_imsn`,`need_price`) VALUES (100403,67,0,1,670);
INSERT INTO `info_building_item_level` (`ibisn`,`next_level`,`add_buff`,`need_imsn`,`need_price`) VALUES (100403,68,0,1,680);
INSERT INTO `info_building_item_level` (`ibisn`,`next_level`,`add_buff`,`need_imsn`,`need_price`) VALUES (100403,69,0,1,690);
INSERT INTO `info_building_item_level` (`ibisn`,`next_level`,`add_buff`,`need_imsn`,`need_price`) VALUES (100403,70,0,1,700);
INSERT INTO `info_building_item_level` (`ibisn`,`next_level`,`add_buff`,`need_imsn`,`need_price`) VALUES (100403,71,0,1,710);
INSERT INTO `info_building_item_level` (`ibisn`,`next_level`,`add_buff`,`need_imsn`,`need_price`) VALUES (100403,72,0,1,720);
INSERT INTO `info_building_item_level` (`ibisn`,`next_level`,`add_buff`,`need_imsn`,`need_price`) VALUES (100403,73,0,1,730);
INSERT INTO `info_building_item_level` (`ibisn`,`next_level`,`add_buff`,`need_imsn`,`need_price`) VALUES (100403,74,0,1,740);
INSERT INTO `info_building_item_level` (`ibisn`,`next_level`,`add_buff`,`need_imsn`,`need_price`) VALUES (100403,75,0,1,750);
INSERT INTO `info_building_item_level` (`ibisn`,`next_level`,`add_buff`,`need_imsn`,`need_price`) VALUES (100403,76,0,1,760);
INSERT INTO `info_building_item_level` (`ibisn`,`next_level`,`add_buff`,`need_imsn`,`need_price`) VALUES (100403,77,0,1,770);
INSERT INTO `info_building_item_level` (`ibisn`,`next_level`,`add_buff`,`need_imsn`,`need_price`) VALUES (100403,78,0,1,780);
INSERT INTO `info_building_item_level` (`ibisn`,`next_level`,`add_buff`,`need_imsn`,`need_price`) VALUES (100403,79,0,1,790);
INSERT INTO `info_building_item_level` (`ibisn`,`next_level`,`add_buff`,`need_imsn`,`need_price`) VALUES (100403,80,0,1,800);
INSERT INTO `info_building_item_level` (`ibisn`,`next_level`,`add_buff`,`need_imsn`,`need_price`) VALUES (100403,81,0,1,810);
INSERT INTO `info_building_item_level` (`ibisn`,`next_level`,`add_buff`,`need_imsn`,`need_price`) VALUES (100403,82,0,1,820);
INSERT INTO `info_building_item_level` (`ibisn`,`next_level`,`add_buff`,`need_imsn`,`need_price`) VALUES (100403,83,0,1,830);
INSERT INTO `info_building_item_level` (`ibisn`,`next_level`,`add_buff`,`need_imsn`,`need_price`) VALUES (100403,84,0,1,840);
INSERT INTO `info_building_item_level` (`ibisn`,`next_level`,`add_buff`,`need_imsn`,`need_price`) VALUES (100403,85,0,1,850);
INSERT INTO `info_building_item_level` (`ibisn`,`next_level`,`add_buff`,`need_imsn`,`need_price`) VALUES (100403,86,0,1,860);
INSERT INTO `info_building_item_level` (`ibisn`,`next_level`,`add_buff`,`need_imsn`,`need_price`) VALUES (100403,87,0,1,870);
INSERT INTO `info_building_item_level` (`ibisn`,`next_level`,`add_buff`,`need_imsn`,`need_price`) VALUES (100403,88,0,1,880);
INSERT INTO `info_building_item_level` (`ibisn`,`next_level`,`add_buff`,`need_imsn`,`need_price`) VALUES (100403,89,0,1,890);
INSERT INTO `info_building_item_level` (`ibisn`,`next_level`,`add_buff`,`need_imsn`,`need_price`) VALUES (100403,90,0,1,900);
INSERT INTO `info_building_item_level` (`ibisn`,`next_level`,`add_buff`,`need_imsn`,`need_price`) VALUES (100403,91,0,1,910);
INSERT INTO `info_building_item_level` (`ibisn`,`next_level`,`add_buff`,`need_imsn`,`need_price`) VALUES (100403,92,0,1,920);
INSERT INTO `info_building_item_level` (`ibisn`,`next_level`,`add_buff`,`need_imsn`,`need_price`) VALUES (100403,93,0,1,930);
INSERT INTO `info_building_item_level` (`ibisn`,`next_level`,`add_buff`,`need_imsn`,`need_price`) VALUES (100403,94,0,1,940);
INSERT INTO `info_building_item_level` (`ibisn`,`next_level`,`add_buff`,`need_imsn`,`need_price`) VALUES (100403,95,0,1,950);
INSERT INTO `info_building_item_level` (`ibisn`,`next_level`,`add_buff`,`need_imsn`,`need_price`) VALUES (100403,96,0,1,960);
INSERT INTO `info_building_item_level` (`ibisn`,`next_level`,`add_buff`,`need_imsn`,`need_price`) VALUES (100403,97,0,1,970);
INSERT INTO `info_building_item_level` (`ibisn`,`next_level`,`add_buff`,`need_imsn`,`need_price`) VALUES (100403,98,0,1,980);
INSERT INTO `info_building_item_level` (`ibisn`,`next_level`,`add_buff`,`need_imsn`,`need_price`) VALUES (100403,99,0,1,990);
INSERT INTO `info_building_item_level` (`ibisn`,`next_level`,`add_buff`,`need_imsn`,`need_price`) VALUES (100403,100,0,1,1000);
INSERT INTO `info_building_item_level` (`ibisn`,`next_level`,`add_buff`,`need_imsn`,`need_price`) VALUES (100404,1,0,1,10);
INSERT INTO `info_building_item_level` (`ibisn`,`next_level`,`add_buff`,`need_imsn`,`need_price`) VALUES (100404,2,0,1,20);
INSERT INTO `info_building_item_level` (`ibisn`,`next_level`,`add_buff`,`need_imsn`,`need_price`) VALUES (100404,3,0,1,30);
INSERT INTO `info_building_item_level` (`ibisn`,`next_level`,`add_buff`,`need_imsn`,`need_price`) VALUES (100404,4,0,1,40);
INSERT INTO `info_building_item_level` (`ibisn`,`next_level`,`add_buff`,`need_imsn`,`need_price`) VALUES (100404,5,0,1,50);
INSERT INTO `info_building_item_level` (`ibisn`,`next_level`,`add_buff`,`need_imsn`,`need_price`) VALUES (100404,6,0,1,60);
INSERT INTO `info_building_item_level` (`ibisn`,`next_level`,`add_buff`,`need_imsn`,`need_price`) VALUES (100404,7,0,1,70);
INSERT INTO `info_building_item_level` (`ibisn`,`next_level`,`add_buff`,`need_imsn`,`need_price`) VALUES (100404,8,0,1,80);
INSERT INTO `info_building_item_level` (`ibisn`,`next_level`,`add_buff`,`need_imsn`,`need_price`) VALUES (100404,9,0,1,90);
INSERT INTO `info_building_item_level` (`ibisn`,`next_level`,`add_buff`,`need_imsn`,`need_price`) VALUES (100404,10,0,1,100);
INSERT INTO `info_building_item_level` (`ibisn`,`next_level`,`add_buff`,`need_imsn`,`need_price`) VALUES (100404,11,0,1,110);
INSERT INTO `info_building_item_level` (`ibisn`,`next_level`,`add_buff`,`need_imsn`,`need_price`) VALUES (100404,12,0,1,120);
INSERT INTO `info_building_item_level` (`ibisn`,`next_level`,`add_buff`,`need_imsn`,`need_price`) VALUES (100404,13,0,1,130);
INSERT INTO `info_building_item_level` (`ibisn`,`next_level`,`add_buff`,`need_imsn`,`need_price`) VALUES (100404,14,0,1,140);
INSERT INTO `info_building_item_level` (`ibisn`,`next_level`,`add_buff`,`need_imsn`,`need_price`) VALUES (100404,15,0,1,150);
INSERT INTO `info_building_item_level` (`ibisn`,`next_level`,`add_buff`,`need_imsn`,`need_price`) VALUES (100404,16,0,1,160);
INSERT INTO `info_building_item_level` (`ibisn`,`next_level`,`add_buff`,`need_imsn`,`need_price`) VALUES (100404,17,0,1,170);
INSERT INTO `info_building_item_level` (`ibisn`,`next_level`,`add_buff`,`need_imsn`,`need_price`) VALUES (100404,18,0,1,180);
INSERT INTO `info_building_item_level` (`ibisn`,`next_level`,`add_buff`,`need_imsn`,`need_price`) VALUES (100404,19,0,1,190);
INSERT INTO `info_building_item_level` (`ibisn`,`next_level`,`add_buff`,`need_imsn`,`need_price`) VALUES (100404,20,0,1,200);
INSERT INTO `info_building_item_level` (`ibisn`,`next_level`,`add_buff`,`need_imsn`,`need_price`) VALUES (100404,21,0,1,210);
INSERT INTO `info_building_item_level` (`ibisn`,`next_level`,`add_buff`,`need_imsn`,`need_price`) VALUES (100404,22,0,1,220);
INSERT INTO `info_building_item_level` (`ibisn`,`next_level`,`add_buff`,`need_imsn`,`need_price`) VALUES (100404,23,0,1,230);
INSERT INTO `info_building_item_level` (`ibisn`,`next_level`,`add_buff`,`need_imsn`,`need_price`) VALUES (100404,24,0,1,240);
INSERT INTO `info_building_item_level` (`ibisn`,`next_level`,`add_buff`,`need_imsn`,`need_price`) VALUES (100404,25,0,1,250);
INSERT INTO `info_building_item_level` (`ibisn`,`next_level`,`add_buff`,`need_imsn`,`need_price`) VALUES (100404,26,0,1,260);
INSERT INTO `info_building_item_level` (`ibisn`,`next_level`,`add_buff`,`need_imsn`,`need_price`) VALUES (100404,27,0,1,270);
INSERT INTO `info_building_item_level` (`ibisn`,`next_level`,`add_buff`,`need_imsn`,`need_price`) VALUES (100404,28,0,1,280);
INSERT INTO `info_building_item_level` (`ibisn`,`next_level`,`add_buff`,`need_imsn`,`need_price`) VALUES (100404,29,0,1,290);
INSERT INTO `info_building_item_level` (`ibisn`,`next_level`,`add_buff`,`need_imsn`,`need_price`) VALUES (100404,30,0,1,300);
INSERT INTO `info_building_item_level` (`ibisn`,`next_level`,`add_buff`,`need_imsn`,`need_price`) VALUES (100404,31,0,1,310);
INSERT INTO `info_building_item_level` (`ibisn`,`next_level`,`add_buff`,`need_imsn`,`need_price`) VALUES (100404,32,0,1,320);
INSERT INTO `info_building_item_level` (`ibisn`,`next_level`,`add_buff`,`need_imsn`,`need_price`) VALUES (100404,33,0,1,330);
INSERT INTO `info_building_item_level` (`ibisn`,`next_level`,`add_buff`,`need_imsn`,`need_price`) VALUES (100404,34,0,1,340);
INSERT INTO `info_building_item_level` (`ibisn`,`next_level`,`add_buff`,`need_imsn`,`need_price`) VALUES (100404,35,0,1,350);
INSERT INTO `info_building_item_level` (`ibisn`,`next_level`,`add_buff`,`need_imsn`,`need_price`) VALUES (100404,36,0,1,360);
INSERT INTO `info_building_item_level` (`ibisn`,`next_level`,`add_buff`,`need_imsn`,`need_price`) VALUES (100404,37,0,1,370);
INSERT INTO `info_building_item_level` (`ibisn`,`next_level`,`add_buff`,`need_imsn`,`need_price`) VALUES (100404,38,0,1,380);
INSERT INTO `info_building_item_level` (`ibisn`,`next_level`,`add_buff`,`need_imsn`,`need_price`) VALUES (100404,39,0,1,390);
INSERT INTO `info_building_item_level` (`ibisn`,`next_level`,`add_buff`,`need_imsn`,`need_price`) VALUES (100404,40,0,1,400);
INSERT INTO `info_building_item_level` (`ibisn`,`next_level`,`add_buff`,`need_imsn`,`need_price`) VALUES (100404,41,0,1,410);
INSERT INTO `info_building_item_level` (`ibisn`,`next_level`,`add_buff`,`need_imsn`,`need_price`) VALUES (100404,42,0,1,420);
INSERT INTO `info_building_item_level` (`ibisn`,`next_level`,`add_buff`,`need_imsn`,`need_price`) VALUES (100404,43,0,1,430);
INSERT INTO `info_building_item_level` (`ibisn`,`next_level`,`add_buff`,`need_imsn`,`need_price`) VALUES (100404,44,0,1,440);
INSERT INTO `info_building_item_level` (`ibisn`,`next_level`,`add_buff`,`need_imsn`,`need_price`) VALUES (100404,45,0,1,450);
INSERT INTO `info_building_item_level` (`ibisn`,`next_level`,`add_buff`,`need_imsn`,`need_price`) VALUES (100404,46,0,1,460);
INSERT INTO `info_building_item_level` (`ibisn`,`next_level`,`add_buff`,`need_imsn`,`need_price`) VALUES (100404,47,0,1,470);
INSERT INTO `info_building_item_level` (`ibisn`,`next_level`,`add_buff`,`need_imsn`,`need_price`) VALUES (100404,48,0,1,480);
INSERT INTO `info_building_item_level` (`ibisn`,`next_level`,`add_buff`,`need_imsn`,`need_price`) VALUES (100404,49,0,1,490);
INSERT INTO `info_building_item_level` (`ibisn`,`next_level`,`add_buff`,`need_imsn`,`need_price`) VALUES (100404,50,0,1,500);
INSERT INTO `info_building_item_level` (`ibisn`,`next_level`,`add_buff`,`need_imsn`,`need_price`) VALUES (100404,51,0,1,510);
INSERT INTO `info_building_item_level` (`ibisn`,`next_level`,`add_buff`,`need_imsn`,`need_price`) VALUES (100404,52,0,1,520);
INSERT INTO `info_building_item_level` (`ibisn`,`next_level`,`add_buff`,`need_imsn`,`need_price`) VALUES (100404,53,0,1,530);
INSERT INTO `info_building_item_level` (`ibisn`,`next_level`,`add_buff`,`need_imsn`,`need_price`) VALUES (100404,54,0,1,540);
INSERT INTO `info_building_item_level` (`ibisn`,`next_level`,`add_buff`,`need_imsn`,`need_price`) VALUES (100404,55,0,1,550);
INSERT INTO `info_building_item_level` (`ibisn`,`next_level`,`add_buff`,`need_imsn`,`need_price`) VALUES (100404,56,0,1,560);
INSERT INTO `info_building_item_level` (`ibisn`,`next_level`,`add_buff`,`need_imsn`,`need_price`) VALUES (100404,57,0,1,570);
INSERT INTO `info_building_item_level` (`ibisn`,`next_level`,`add_buff`,`need_imsn`,`need_price`) VALUES (100404,58,0,1,580);
INSERT INTO `info_building_item_level` (`ibisn`,`next_level`,`add_buff`,`need_imsn`,`need_price`) VALUES (100404,59,0,1,590);
INSERT INTO `info_building_item_level` (`ibisn`,`next_level`,`add_buff`,`need_imsn`,`need_price`) VALUES (100404,60,0,1,600);
INSERT INTO `info_building_item_level` (`ibisn`,`next_level`,`add_buff`,`need_imsn`,`need_price`) VALUES (100404,61,0,1,610);
INSERT INTO `info_building_item_level` (`ibisn`,`next_level`,`add_buff`,`need_imsn`,`need_price`) VALUES (100404,62,0,1,620);
INSERT INTO `info_building_item_level` (`ibisn`,`next_level`,`add_buff`,`need_imsn`,`need_price`) VALUES (100404,63,0,1,630);
INSERT INTO `info_building_item_level` (`ibisn`,`next_level`,`add_buff`,`need_imsn`,`need_price`) VALUES (100404,64,0,1,640);
INSERT INTO `info_building_item_level` (`ibisn`,`next_level`,`add_buff`,`need_imsn`,`need_price`) VALUES (100404,65,0,1,650);
INSERT INTO `info_building_item_level` (`ibisn`,`next_level`,`add_buff`,`need_imsn`,`need_price`) VALUES (100404,66,0,1,660);
INSERT INTO `info_building_item_level` (`ibisn`,`next_level`,`add_buff`,`need_imsn`,`need_price`) VALUES (100404,67,0,1,670);
INSERT INTO `info_building_item_level` (`ibisn`,`next_level`,`add_buff`,`need_imsn`,`need_price`) VALUES (100404,68,0,1,680);
INSERT INTO `info_building_item_level` (`ibisn`,`next_level`,`add_buff`,`need_imsn`,`need_price`) VALUES (100404,69,0,1,690);
INSERT INTO `info_building_item_level` (`ibisn`,`next_level`,`add_buff`,`need_imsn`,`need_price`) VALUES (100404,70,0,1,700);
INSERT INTO `info_building_item_level` (`ibisn`,`next_level`,`add_buff`,`need_imsn`,`need_price`) VALUES (100404,71,0,1,710);
INSERT INTO `info_building_item_level` (`ibisn`,`next_level`,`add_buff`,`need_imsn`,`need_price`) VALUES (100404,72,0,1,720);
INSERT INTO `info_building_item_level` (`ibisn`,`next_level`,`add_buff`,`need_imsn`,`need_price`) VALUES (100404,73,0,1,730);
INSERT INTO `info_building_item_level` (`ibisn`,`next_level`,`add_buff`,`need_imsn`,`need_price`) VALUES (100404,74,0,1,740);
INSERT INTO `info_building_item_level` (`ibisn`,`next_level`,`add_buff`,`need_imsn`,`need_price`) VALUES (100404,75,0,1,750);
INSERT INTO `info_building_item_level` (`ibisn`,`next_level`,`add_buff`,`need_imsn`,`need_price`) VALUES (100404,76,0,1,760);
INSERT INTO `info_building_item_level` (`ibisn`,`next_level`,`add_buff`,`need_imsn`,`need_price`) VALUES (100404,77,0,1,770);
INSERT INTO `info_building_item_level` (`ibisn`,`next_level`,`add_buff`,`need_imsn`,`need_price`) VALUES (100404,78,0,1,780);
INSERT INTO `info_building_item_level` (`ibisn`,`next_level`,`add_buff`,`need_imsn`,`need_price`) VALUES (100404,79,0,1,790);
INSERT INTO `info_building_item_level` (`ibisn`,`next_level`,`add_buff`,`need_imsn`,`need_price`) VALUES (100404,80,0,1,800);
INSERT INTO `info_building_item_level` (`ibisn`,`next_level`,`add_buff`,`need_imsn`,`need_price`) VALUES (100404,81,0,1,810);
INSERT INTO `info_building_item_level` (`ibisn`,`next_level`,`add_buff`,`need_imsn`,`need_price`) VALUES (100404,82,0,1,820);
INSERT INTO `info_building_item_level` (`ibisn`,`next_level`,`add_buff`,`need_imsn`,`need_price`) VALUES (100404,83,0,1,830);
INSERT INTO `info_building_item_level` (`ibisn`,`next_level`,`add_buff`,`need_imsn`,`need_price`) VALUES (100404,84,0,1,840);
INSERT INTO `info_building_item_level` (`ibisn`,`next_level`,`add_buff`,`need_imsn`,`need_price`) VALUES (100404,85,0,1,850);
INSERT INTO `info_building_item_level` (`ibisn`,`next_level`,`add_buff`,`need_imsn`,`need_price`) VALUES (100404,86,0,1,860);
INSERT INTO `info_building_item_level` (`ibisn`,`next_level`,`add_buff`,`need_imsn`,`need_price`) VALUES (100404,87,0,1,870);
INSERT INTO `info_building_item_level` (`ibisn`,`next_level`,`add_buff`,`need_imsn`,`need_price`) VALUES (100404,88,0,1,880);
INSERT INTO `info_building_item_level` (`ibisn`,`next_level`,`add_buff`,`need_imsn`,`need_price`) VALUES (100404,89,0,1,890);
INSERT INTO `info_building_item_level` (`ibisn`,`next_level`,`add_buff`,`need_imsn`,`need_price`) VALUES (100404,90,0,1,900);
INSERT INTO `info_building_item_level` (`ibisn`,`next_level`,`add_buff`,`need_imsn`,`need_price`) VALUES (100404,91,0,1,910);
INSERT INTO `info_building_item_level` (`ibisn`,`next_level`,`add_buff`,`need_imsn`,`need_price`) VALUES (100404,92,0,1,920);
INSERT INTO `info_building_item_level` (`ibisn`,`next_level`,`add_buff`,`need_imsn`,`need_price`) VALUES (100404,93,0,1,930);
INSERT INTO `info_building_item_level` (`ibisn`,`next_level`,`add_buff`,`need_imsn`,`need_price`) VALUES (100404,94,0,1,940);
INSERT INTO `info_building_item_level` (`ibisn`,`next_level`,`add_buff`,`need_imsn`,`need_price`) VALUES (100404,95,0,1,950);
INSERT INTO `info_building_item_level` (`ibisn`,`next_level`,`add_buff`,`need_imsn`,`need_price`) VALUES (100404,96,0,1,960);
INSERT INTO `info_building_item_level` (`ibisn`,`next_level`,`add_buff`,`need_imsn`,`need_price`) VALUES (100404,97,0,1,970);
INSERT INTO `info_building_item_level` (`ibisn`,`next_level`,`add_buff`,`need_imsn`,`need_price`) VALUES (100404,98,0,1,980);
INSERT INTO `info_building_item_level` (`ibisn`,`next_level`,`add_buff`,`need_imsn`,`need_price`) VALUES (100404,99,0,1,990);
INSERT INTO `info_building_item_level` (`ibisn`,`next_level`,`add_buff`,`need_imsn`,`need_price`) VALUES (100404,100,0,1,1000);
INSERT INTO `info_building_item_level` (`ibisn`,`next_level`,`add_buff`,`need_imsn`,`need_price`) VALUES (100405,1,0,1,10);
INSERT INTO `info_building_item_level` (`ibisn`,`next_level`,`add_buff`,`need_imsn`,`need_price`) VALUES (100405,2,0,1,20);
INSERT INTO `info_building_item_level` (`ibisn`,`next_level`,`add_buff`,`need_imsn`,`need_price`) VALUES (100405,3,0,1,30);
INSERT INTO `info_building_item_level` (`ibisn`,`next_level`,`add_buff`,`need_imsn`,`need_price`) VALUES (100405,4,0,1,40);
INSERT INTO `info_building_item_level` (`ibisn`,`next_level`,`add_buff`,`need_imsn`,`need_price`) VALUES (100405,5,0,1,50);
INSERT INTO `info_building_item_level` (`ibisn`,`next_level`,`add_buff`,`need_imsn`,`need_price`) VALUES (100405,6,0,1,60);
INSERT INTO `info_building_item_level` (`ibisn`,`next_level`,`add_buff`,`need_imsn`,`need_price`) VALUES (100405,7,0,1,70);
INSERT INTO `info_building_item_level` (`ibisn`,`next_level`,`add_buff`,`need_imsn`,`need_price`) VALUES (100405,8,0,1,80);
INSERT INTO `info_building_item_level` (`ibisn`,`next_level`,`add_buff`,`need_imsn`,`need_price`) VALUES (100405,9,0,1,90);
INSERT INTO `info_building_item_level` (`ibisn`,`next_level`,`add_buff`,`need_imsn`,`need_price`) VALUES (100405,10,0,1,100);
INSERT INTO `info_building_item_level` (`ibisn`,`next_level`,`add_buff`,`need_imsn`,`need_price`) VALUES (100405,11,0,1,110);
INSERT INTO `info_building_item_level` (`ibisn`,`next_level`,`add_buff`,`need_imsn`,`need_price`) VALUES (100405,12,0,1,120);
INSERT INTO `info_building_item_level` (`ibisn`,`next_level`,`add_buff`,`need_imsn`,`need_price`) VALUES (100405,13,0,1,130);
INSERT INTO `info_building_item_level` (`ibisn`,`next_level`,`add_buff`,`need_imsn`,`need_price`) VALUES (100405,14,0,1,140);
INSERT INTO `info_building_item_level` (`ibisn`,`next_level`,`add_buff`,`need_imsn`,`need_price`) VALUES (100405,15,0,1,150);
INSERT INTO `info_building_item_level` (`ibisn`,`next_level`,`add_buff`,`need_imsn`,`need_price`) VALUES (100405,16,0,1,160);
INSERT INTO `info_building_item_level` (`ibisn`,`next_level`,`add_buff`,`need_imsn`,`need_price`) VALUES (100405,17,0,1,170);
INSERT INTO `info_building_item_level` (`ibisn`,`next_level`,`add_buff`,`need_imsn`,`need_price`) VALUES (100405,18,0,1,180);
INSERT INTO `info_building_item_level` (`ibisn`,`next_level`,`add_buff`,`need_imsn`,`need_price`) VALUES (100405,19,0,1,190);
INSERT INTO `info_building_item_level` (`ibisn`,`next_level`,`add_buff`,`need_imsn`,`need_price`) VALUES (100405,20,0,1,200);
INSERT INTO `info_building_item_level` (`ibisn`,`next_level`,`add_buff`,`need_imsn`,`need_price`) VALUES (100405,21,0,1,210);
INSERT INTO `info_building_item_level` (`ibisn`,`next_level`,`add_buff`,`need_imsn`,`need_price`) VALUES (100405,22,0,1,220);
INSERT INTO `info_building_item_level` (`ibisn`,`next_level`,`add_buff`,`need_imsn`,`need_price`) VALUES (100405,23,0,1,230);
INSERT INTO `info_building_item_level` (`ibisn`,`next_level`,`add_buff`,`need_imsn`,`need_price`) VALUES (100405,24,0,1,240);
INSERT INTO `info_building_item_level` (`ibisn`,`next_level`,`add_buff`,`need_imsn`,`need_price`) VALUES (100405,25,0,1,250);
INSERT INTO `info_building_item_level` (`ibisn`,`next_level`,`add_buff`,`need_imsn`,`need_price`) VALUES (100405,26,0,1,260);
INSERT INTO `info_building_item_level` (`ibisn`,`next_level`,`add_buff`,`need_imsn`,`need_price`) VALUES (100405,27,0,1,270);
INSERT INTO `info_building_item_level` (`ibisn`,`next_level`,`add_buff`,`need_imsn`,`need_price`) VALUES (100405,28,0,1,280);
INSERT INTO `info_building_item_level` (`ibisn`,`next_level`,`add_buff`,`need_imsn`,`need_price`) VALUES (100405,29,0,1,290);
INSERT INTO `info_building_item_level` (`ibisn`,`next_level`,`add_buff`,`need_imsn`,`need_price`) VALUES (100405,30,0,1,300);
INSERT INTO `info_building_item_level` (`ibisn`,`next_level`,`add_buff`,`need_imsn`,`need_price`) VALUES (100405,31,0,1,310);
INSERT INTO `info_building_item_level` (`ibisn`,`next_level`,`add_buff`,`need_imsn`,`need_price`) VALUES (100405,32,0,1,320);
INSERT INTO `info_building_item_level` (`ibisn`,`next_level`,`add_buff`,`need_imsn`,`need_price`) VALUES (100405,33,0,1,330);
INSERT INTO `info_building_item_level` (`ibisn`,`next_level`,`add_buff`,`need_imsn`,`need_price`) VALUES (100405,34,0,1,340);
INSERT INTO `info_building_item_level` (`ibisn`,`next_level`,`add_buff`,`need_imsn`,`need_price`) VALUES (100405,35,0,1,350);
INSERT INTO `info_building_item_level` (`ibisn`,`next_level`,`add_buff`,`need_imsn`,`need_price`) VALUES (100405,36,0,1,360);
INSERT INTO `info_building_item_level` (`ibisn`,`next_level`,`add_buff`,`need_imsn`,`need_price`) VALUES (100405,37,0,1,370);
INSERT INTO `info_building_item_level` (`ibisn`,`next_level`,`add_buff`,`need_imsn`,`need_price`) VALUES (100405,38,0,1,380);
INSERT INTO `info_building_item_level` (`ibisn`,`next_level`,`add_buff`,`need_imsn`,`need_price`) VALUES (100405,39,0,1,390);
INSERT INTO `info_building_item_level` (`ibisn`,`next_level`,`add_buff`,`need_imsn`,`need_price`) VALUES (100405,40,0,1,400);
INSERT INTO `info_building_item_level` (`ibisn`,`next_level`,`add_buff`,`need_imsn`,`need_price`) VALUES (100405,41,0,1,410);
INSERT INTO `info_building_item_level` (`ibisn`,`next_level`,`add_buff`,`need_imsn`,`need_price`) VALUES (100405,42,0,1,420);
INSERT INTO `info_building_item_level` (`ibisn`,`next_level`,`add_buff`,`need_imsn`,`need_price`) VALUES (100405,43,0,1,430);
INSERT INTO `info_building_item_level` (`ibisn`,`next_level`,`add_buff`,`need_imsn`,`need_price`) VALUES (100405,44,0,1,440);
INSERT INTO `info_building_item_level` (`ibisn`,`next_level`,`add_buff`,`need_imsn`,`need_price`) VALUES (100405,45,0,1,450);
INSERT INTO `info_building_item_level` (`ibisn`,`next_level`,`add_buff`,`need_imsn`,`need_price`) VALUES (100405,46,0,1,460);
INSERT INTO `info_building_item_level` (`ibisn`,`next_level`,`add_buff`,`need_imsn`,`need_price`) VALUES (100405,47,0,1,470);
INSERT INTO `info_building_item_level` (`ibisn`,`next_level`,`add_buff`,`need_imsn`,`need_price`) VALUES (100405,48,0,1,480);
INSERT INTO `info_building_item_level` (`ibisn`,`next_level`,`add_buff`,`need_imsn`,`need_price`) VALUES (100405,49,0,1,490);
INSERT INTO `info_building_item_level` (`ibisn`,`next_level`,`add_buff`,`need_imsn`,`need_price`) VALUES (100405,50,0,1,500);
INSERT INTO `info_building_item_level` (`ibisn`,`next_level`,`add_buff`,`need_imsn`,`need_price`) VALUES (100405,51,0,1,510);
INSERT INTO `info_building_item_level` (`ibisn`,`next_level`,`add_buff`,`need_imsn`,`need_price`) VALUES (100405,52,0,1,520);
INSERT INTO `info_building_item_level` (`ibisn`,`next_level`,`add_buff`,`need_imsn`,`need_price`) VALUES (100405,53,0,1,530);
INSERT INTO `info_building_item_level` (`ibisn`,`next_level`,`add_buff`,`need_imsn`,`need_price`) VALUES (100405,54,0,1,540);
INSERT INTO `info_building_item_level` (`ibisn`,`next_level`,`add_buff`,`need_imsn`,`need_price`) VALUES (100405,55,0,1,550);
INSERT INTO `info_building_item_level` (`ibisn`,`next_level`,`add_buff`,`need_imsn`,`need_price`) VALUES (100405,56,0,1,560);
INSERT INTO `info_building_item_level` (`ibisn`,`next_level`,`add_buff`,`need_imsn`,`need_price`) VALUES (100405,57,0,1,570);
INSERT INTO `info_building_item_level` (`ibisn`,`next_level`,`add_buff`,`need_imsn`,`need_price`) VALUES (100405,58,0,1,580);
INSERT INTO `info_building_item_level` (`ibisn`,`next_level`,`add_buff`,`need_imsn`,`need_price`) VALUES (100405,59,0,1,590);
INSERT INTO `info_building_item_level` (`ibisn`,`next_level`,`add_buff`,`need_imsn`,`need_price`) VALUES (100405,60,0,1,600);
INSERT INTO `info_building_item_level` (`ibisn`,`next_level`,`add_buff`,`need_imsn`,`need_price`) VALUES (100405,61,0,1,610);
INSERT INTO `info_building_item_level` (`ibisn`,`next_level`,`add_buff`,`need_imsn`,`need_price`) VALUES (100405,62,0,1,620);
INSERT INTO `info_building_item_level` (`ibisn`,`next_level`,`add_buff`,`need_imsn`,`need_price`) VALUES (100405,63,0,1,630);
INSERT INTO `info_building_item_level` (`ibisn`,`next_level`,`add_buff`,`need_imsn`,`need_price`) VALUES (100405,64,0,1,640);
INSERT INTO `info_building_item_level` (`ibisn`,`next_level`,`add_buff`,`need_imsn`,`need_price`) VALUES (100405,65,0,1,650);
INSERT INTO `info_building_item_level` (`ibisn`,`next_level`,`add_buff`,`need_imsn`,`need_price`) VALUES (100405,66,0,1,660);
INSERT INTO `info_building_item_level` (`ibisn`,`next_level`,`add_buff`,`need_imsn`,`need_price`) VALUES (100405,67,0,1,670);
INSERT INTO `info_building_item_level` (`ibisn`,`next_level`,`add_buff`,`need_imsn`,`need_price`) VALUES (100405,68,0,1,680);
INSERT INTO `info_building_item_level` (`ibisn`,`next_level`,`add_buff`,`need_imsn`,`need_price`) VALUES (100405,69,0,1,690);
INSERT INTO `info_building_item_level` (`ibisn`,`next_level`,`add_buff`,`need_imsn`,`need_price`) VALUES (100405,70,0,1,700);
INSERT INTO `info_building_item_level` (`ibisn`,`next_level`,`add_buff`,`need_imsn`,`need_price`) VALUES (100405,71,0,1,710);
INSERT INTO `info_building_item_level` (`ibisn`,`next_level`,`add_buff`,`need_imsn`,`need_price`) VALUES (100405,72,0,1,720);
INSERT INTO `info_building_item_level` (`ibisn`,`next_level`,`add_buff`,`need_imsn`,`need_price`) VALUES (100405,73,0,1,730);
INSERT INTO `info_building_item_level` (`ibisn`,`next_level`,`add_buff`,`need_imsn`,`need_price`) VALUES (100405,74,0,1,740);
INSERT INTO `info_building_item_level` (`ibisn`,`next_level`,`add_buff`,`need_imsn`,`need_price`) VALUES (100405,75,0,1,750);
INSERT INTO `info_building_item_level` (`ibisn`,`next_level`,`add_buff`,`need_imsn`,`need_price`) VALUES (100405,76,0,1,760);
INSERT INTO `info_building_item_level` (`ibisn`,`next_level`,`add_buff`,`need_imsn`,`need_price`) VALUES (100405,77,0,1,770);
INSERT INTO `info_building_item_level` (`ibisn`,`next_level`,`add_buff`,`need_imsn`,`need_price`) VALUES (100405,78,0,1,780);
INSERT INTO `info_building_item_level` (`ibisn`,`next_level`,`add_buff`,`need_imsn`,`need_price`) VALUES (100405,79,0,1,790);
INSERT INTO `info_building_item_level` (`ibisn`,`next_level`,`add_buff`,`need_imsn`,`need_price`) VALUES (100405,80,0,1,800);
INSERT INTO `info_building_item_level` (`ibisn`,`next_level`,`add_buff`,`need_imsn`,`need_price`) VALUES (100405,81,0,1,810);
INSERT INTO `info_building_item_level` (`ibisn`,`next_level`,`add_buff`,`need_imsn`,`need_price`) VALUES (100405,82,0,1,820);
INSERT INTO `info_building_item_level` (`ibisn`,`next_level`,`add_buff`,`need_imsn`,`need_price`) VALUES (100405,83,0,1,830);
INSERT INTO `info_building_item_level` (`ibisn`,`next_level`,`add_buff`,`need_imsn`,`need_price`) VALUES (100405,84,0,1,840);
INSERT INTO `info_building_item_level` (`ibisn`,`next_level`,`add_buff`,`need_imsn`,`need_price`) VALUES (100405,85,0,1,850);
INSERT INTO `info_building_item_level` (`ibisn`,`next_level`,`add_buff`,`need_imsn`,`need_price`) VALUES (100405,86,0,1,860);
INSERT INTO `info_building_item_level` (`ibisn`,`next_level`,`add_buff`,`need_imsn`,`need_price`) VALUES (100405,87,0,1,870);
INSERT INTO `info_building_item_level` (`ibisn`,`next_level`,`add_buff`,`need_imsn`,`need_price`) VALUES (100405,88,0,1,880);
INSERT INTO `info_building_item_level` (`ibisn`,`next_level`,`add_buff`,`need_imsn`,`need_price`) VALUES (100405,89,0,1,890);
INSERT INTO `info_building_item_level` (`ibisn`,`next_level`,`add_buff`,`need_imsn`,`need_price`) VALUES (100405,90,0,1,900);
INSERT INTO `info_building_item_level` (`ibisn`,`next_level`,`add_buff`,`need_imsn`,`need_price`) VALUES (100405,91,0,1,910);
INSERT INTO `info_building_item_level` (`ibisn`,`next_level`,`add_buff`,`need_imsn`,`need_price`) VALUES (100405,92,0,1,920);
INSERT INTO `info_building_item_level` (`ibisn`,`next_level`,`add_buff`,`need_imsn`,`need_price`) VALUES (100405,93,0,1,930);
INSERT INTO `info_building_item_level` (`ibisn`,`next_level`,`add_buff`,`need_imsn`,`need_price`) VALUES (100405,94,0,1,940);
INSERT INTO `info_building_item_level` (`ibisn`,`next_level`,`add_buff`,`need_imsn`,`need_price`) VALUES (100405,95,0,1,950);
INSERT INTO `info_building_item_level` (`ibisn`,`next_level`,`add_buff`,`need_imsn`,`need_price`) VALUES (100405,96,0,1,960);
INSERT INTO `info_building_item_level` (`ibisn`,`next_level`,`add_buff`,`need_imsn`,`need_price`) VALUES (100405,97,0,1,970);
INSERT INTO `info_building_item_level` (`ibisn`,`next_level`,`add_buff`,`need_imsn`,`need_price`) VALUES (100405,98,0,1,980);
INSERT INTO `info_building_item_level` (`ibisn`,`next_level`,`add_buff`,`need_imsn`,`need_price`) VALUES (100405,99,0,1,990);
INSERT INTO `info_building_item_level` (`ibisn`,`next_level`,`add_buff`,`need_imsn`,`need_price`) VALUES (100405,100,0,1,1000);
INSERT INTO `info_building_item_level` (`ibisn`,`next_level`,`add_buff`,`need_imsn`,`need_price`) VALUES (100406,1,0,1,10);
INSERT INTO `info_building_item_level` (`ibisn`,`next_level`,`add_buff`,`need_imsn`,`need_price`) VALUES (100406,2,0,1,20);
INSERT INTO `info_building_item_level` (`ibisn`,`next_level`,`add_buff`,`need_imsn`,`need_price`) VALUES (100406,3,0,1,30);
INSERT INTO `info_building_item_level` (`ibisn`,`next_level`,`add_buff`,`need_imsn`,`need_price`) VALUES (100406,4,0,1,40);
INSERT INTO `info_building_item_level` (`ibisn`,`next_level`,`add_buff`,`need_imsn`,`need_price`) VALUES (100406,5,0,1,50);
INSERT INTO `info_building_item_level` (`ibisn`,`next_level`,`add_buff`,`need_imsn`,`need_price`) VALUES (100406,6,0,1,60);
INSERT INTO `info_building_item_level` (`ibisn`,`next_level`,`add_buff`,`need_imsn`,`need_price`) VALUES (100406,7,0,1,70);
INSERT INTO `info_building_item_level` (`ibisn`,`next_level`,`add_buff`,`need_imsn`,`need_price`) VALUES (100406,8,0,1,80);
INSERT INTO `info_building_item_level` (`ibisn`,`next_level`,`add_buff`,`need_imsn`,`need_price`) VALUES (100406,9,0,1,90);
INSERT INTO `info_building_item_level` (`ibisn`,`next_level`,`add_buff`,`need_imsn`,`need_price`) VALUES (100406,10,0,1,100);
INSERT INTO `info_building_item_level` (`ibisn`,`next_level`,`add_buff`,`need_imsn`,`need_price`) VALUES (100406,11,0,1,110);
INSERT INTO `info_building_item_level` (`ibisn`,`next_level`,`add_buff`,`need_imsn`,`need_price`) VALUES (100406,12,0,1,120);
INSERT INTO `info_building_item_level` (`ibisn`,`next_level`,`add_buff`,`need_imsn`,`need_price`) VALUES (100406,13,0,1,130);
INSERT INTO `info_building_item_level` (`ibisn`,`next_level`,`add_buff`,`need_imsn`,`need_price`) VALUES (100406,14,0,1,140);
INSERT INTO `info_building_item_level` (`ibisn`,`next_level`,`add_buff`,`need_imsn`,`need_price`) VALUES (100406,15,0,1,150);
INSERT INTO `info_building_item_level` (`ibisn`,`next_level`,`add_buff`,`need_imsn`,`need_price`) VALUES (100406,16,0,1,160);
INSERT INTO `info_building_item_level` (`ibisn`,`next_level`,`add_buff`,`need_imsn`,`need_price`) VALUES (100406,17,0,1,170);
INSERT INTO `info_building_item_level` (`ibisn`,`next_level`,`add_buff`,`need_imsn`,`need_price`) VALUES (100406,18,0,1,180);
INSERT INTO `info_building_item_level` (`ibisn`,`next_level`,`add_buff`,`need_imsn`,`need_price`) VALUES (100406,19,0,1,190);
INSERT INTO `info_building_item_level` (`ibisn`,`next_level`,`add_buff`,`need_imsn`,`need_price`) VALUES (100406,20,0,1,200);
INSERT INTO `info_building_item_level` (`ibisn`,`next_level`,`add_buff`,`need_imsn`,`need_price`) VALUES (100406,21,0,1,210);
INSERT INTO `info_building_item_level` (`ibisn`,`next_level`,`add_buff`,`need_imsn`,`need_price`) VALUES (100406,22,0,1,220);
INSERT INTO `info_building_item_level` (`ibisn`,`next_level`,`add_buff`,`need_imsn`,`need_price`) VALUES (100406,23,0,1,230);
INSERT INTO `info_building_item_level` (`ibisn`,`next_level`,`add_buff`,`need_imsn`,`need_price`) VALUES (100406,24,0,1,240);
INSERT INTO `info_building_item_level` (`ibisn`,`next_level`,`add_buff`,`need_imsn`,`need_price`) VALUES (100406,25,0,1,250);
INSERT INTO `info_building_item_level` (`ibisn`,`next_level`,`add_buff`,`need_imsn`,`need_price`) VALUES (100406,26,0,1,260);
INSERT INTO `info_building_item_level` (`ibisn`,`next_level`,`add_buff`,`need_imsn`,`need_price`) VALUES (100406,27,0,1,270);
INSERT INTO `info_building_item_level` (`ibisn`,`next_level`,`add_buff`,`need_imsn`,`need_price`) VALUES (100406,28,0,1,280);
INSERT INTO `info_building_item_level` (`ibisn`,`next_level`,`add_buff`,`need_imsn`,`need_price`) VALUES (100406,29,0,1,290);
INSERT INTO `info_building_item_level` (`ibisn`,`next_level`,`add_buff`,`need_imsn`,`need_price`) VALUES (100406,30,0,1,300);
INSERT INTO `info_building_item_level` (`ibisn`,`next_level`,`add_buff`,`need_imsn`,`need_price`) VALUES (100406,31,0,1,310);
INSERT INTO `info_building_item_level` (`ibisn`,`next_level`,`add_buff`,`need_imsn`,`need_price`) VALUES (100406,32,0,1,320);
INSERT INTO `info_building_item_level` (`ibisn`,`next_level`,`add_buff`,`need_imsn`,`need_price`) VALUES (100406,33,0,1,330);
INSERT INTO `info_building_item_level` (`ibisn`,`next_level`,`add_buff`,`need_imsn`,`need_price`) VALUES (100406,34,0,1,340);
INSERT INTO `info_building_item_level` (`ibisn`,`next_level`,`add_buff`,`need_imsn`,`need_price`) VALUES (100406,35,0,1,350);
INSERT INTO `info_building_item_level` (`ibisn`,`next_level`,`add_buff`,`need_imsn`,`need_price`) VALUES (100406,36,0,1,360);
INSERT INTO `info_building_item_level` (`ibisn`,`next_level`,`add_buff`,`need_imsn`,`need_price`) VALUES (100406,37,0,1,370);
INSERT INTO `info_building_item_level` (`ibisn`,`next_level`,`add_buff`,`need_imsn`,`need_price`) VALUES (100406,38,0,1,380);
INSERT INTO `info_building_item_level` (`ibisn`,`next_level`,`add_buff`,`need_imsn`,`need_price`) VALUES (100406,39,0,1,390);
INSERT INTO `info_building_item_level` (`ibisn`,`next_level`,`add_buff`,`need_imsn`,`need_price`) VALUES (100406,40,0,1,400);
INSERT INTO `info_building_item_level` (`ibisn`,`next_level`,`add_buff`,`need_imsn`,`need_price`) VALUES (100406,41,0,1,410);
INSERT INTO `info_building_item_level` (`ibisn`,`next_level`,`add_buff`,`need_imsn`,`need_price`) VALUES (100406,42,0,1,420);
INSERT INTO `info_building_item_level` (`ibisn`,`next_level`,`add_buff`,`need_imsn`,`need_price`) VALUES (100406,43,0,1,430);
INSERT INTO `info_building_item_level` (`ibisn`,`next_level`,`add_buff`,`need_imsn`,`need_price`) VALUES (100406,44,0,1,440);
INSERT INTO `info_building_item_level` (`ibisn`,`next_level`,`add_buff`,`need_imsn`,`need_price`) VALUES (100406,45,0,1,450);
INSERT INTO `info_building_item_level` (`ibisn`,`next_level`,`add_buff`,`need_imsn`,`need_price`) VALUES (100406,46,0,1,460);
INSERT INTO `info_building_item_level` (`ibisn`,`next_level`,`add_buff`,`need_imsn`,`need_price`) VALUES (100406,47,0,1,470);
INSERT INTO `info_building_item_level` (`ibisn`,`next_level`,`add_buff`,`need_imsn`,`need_price`) VALUES (100406,48,0,1,480);
INSERT INTO `info_building_item_level` (`ibisn`,`next_level`,`add_buff`,`need_imsn`,`need_price`) VALUES (100406,49,0,1,490);
INSERT INTO `info_building_item_level` (`ibisn`,`next_level`,`add_buff`,`need_imsn`,`need_price`) VALUES (100406,50,0,1,500);
INSERT INTO `info_building_item_level` (`ibisn`,`next_level`,`add_buff`,`need_imsn`,`need_price`) VALUES (100406,51,0,1,510);
INSERT INTO `info_building_item_level` (`ibisn`,`next_level`,`add_buff`,`need_imsn`,`need_price`) VALUES (100406,52,0,1,520);
INSERT INTO `info_building_item_level` (`ibisn`,`next_level`,`add_buff`,`need_imsn`,`need_price`) VALUES (100406,53,0,1,530);
INSERT INTO `info_building_item_level` (`ibisn`,`next_level`,`add_buff`,`need_imsn`,`need_price`) VALUES (100406,54,0,1,540);
INSERT INTO `info_building_item_level` (`ibisn`,`next_level`,`add_buff`,`need_imsn`,`need_price`) VALUES (100406,55,0,1,550);
INSERT INTO `info_building_item_level` (`ibisn`,`next_level`,`add_buff`,`need_imsn`,`need_price`) VALUES (100406,56,0,1,560);
INSERT INTO `info_building_item_level` (`ibisn`,`next_level`,`add_buff`,`need_imsn`,`need_price`) VALUES (100406,57,0,1,570);
INSERT INTO `info_building_item_level` (`ibisn`,`next_level`,`add_buff`,`need_imsn`,`need_price`) VALUES (100406,58,0,1,580);
INSERT INTO `info_building_item_level` (`ibisn`,`next_level`,`add_buff`,`need_imsn`,`need_price`) VALUES (100406,59,0,1,590);
INSERT INTO `info_building_item_level` (`ibisn`,`next_level`,`add_buff`,`need_imsn`,`need_price`) VALUES (100406,60,0,1,600);
INSERT INTO `info_building_item_level` (`ibisn`,`next_level`,`add_buff`,`need_imsn`,`need_price`) VALUES (100406,61,0,1,610);
INSERT INTO `info_building_item_level` (`ibisn`,`next_level`,`add_buff`,`need_imsn`,`need_price`) VALUES (100406,62,0,1,620);
INSERT INTO `info_building_item_level` (`ibisn`,`next_level`,`add_buff`,`need_imsn`,`need_price`) VALUES (100406,63,0,1,630);
INSERT INTO `info_building_item_level` (`ibisn`,`next_level`,`add_buff`,`need_imsn`,`need_price`) VALUES (100406,64,0,1,640);
INSERT INTO `info_building_item_level` (`ibisn`,`next_level`,`add_buff`,`need_imsn`,`need_price`) VALUES (100406,65,0,1,650);
INSERT INTO `info_building_item_level` (`ibisn`,`next_level`,`add_buff`,`need_imsn`,`need_price`) VALUES (100406,66,0,1,660);
INSERT INTO `info_building_item_level` (`ibisn`,`next_level`,`add_buff`,`need_imsn`,`need_price`) VALUES (100406,67,0,1,670);
INSERT INTO `info_building_item_level` (`ibisn`,`next_level`,`add_buff`,`need_imsn`,`need_price`) VALUES (100406,68,0,1,680);
INSERT INTO `info_building_item_level` (`ibisn`,`next_level`,`add_buff`,`need_imsn`,`need_price`) VALUES (100406,69,0,1,690);
INSERT INTO `info_building_item_level` (`ibisn`,`next_level`,`add_buff`,`need_imsn`,`need_price`) VALUES (100406,70,0,1,700);
INSERT INTO `info_building_item_level` (`ibisn`,`next_level`,`add_buff`,`need_imsn`,`need_price`) VALUES (100406,71,0,1,710);
INSERT INTO `info_building_item_level` (`ibisn`,`next_level`,`add_buff`,`need_imsn`,`need_price`) VALUES (100406,72,0,1,720);
INSERT INTO `info_building_item_level` (`ibisn`,`next_level`,`add_buff`,`need_imsn`,`need_price`) VALUES (100406,73,0,1,730);
INSERT INTO `info_building_item_level` (`ibisn`,`next_level`,`add_buff`,`need_imsn`,`need_price`) VALUES (100406,74,0,1,740);
INSERT INTO `info_building_item_level` (`ibisn`,`next_level`,`add_buff`,`need_imsn`,`need_price`) VALUES (100406,75,0,1,750);
INSERT INTO `info_building_item_level` (`ibisn`,`next_level`,`add_buff`,`need_imsn`,`need_price`) VALUES (100406,76,0,1,760);
INSERT INTO `info_building_item_level` (`ibisn`,`next_level`,`add_buff`,`need_imsn`,`need_price`) VALUES (100406,77,0,1,770);
INSERT INTO `info_building_item_level` (`ibisn`,`next_level`,`add_buff`,`need_imsn`,`need_price`) VALUES (100406,78,0,1,780);
INSERT INTO `info_building_item_level` (`ibisn`,`next_level`,`add_buff`,`need_imsn`,`need_price`) VALUES (100406,79,0,1,790);
INSERT INTO `info_building_item_level` (`ibisn`,`next_level`,`add_buff`,`need_imsn`,`need_price`) VALUES (100406,80,0,1,800);
INSERT INTO `info_building_item_level` (`ibisn`,`next_level`,`add_buff`,`need_imsn`,`need_price`) VALUES (100406,81,0,1,810);
INSERT INTO `info_building_item_level` (`ibisn`,`next_level`,`add_buff`,`need_imsn`,`need_price`) VALUES (100406,82,0,1,820);
INSERT INTO `info_building_item_level` (`ibisn`,`next_level`,`add_buff`,`need_imsn`,`need_price`) VALUES (100406,83,0,1,830);
INSERT INTO `info_building_item_level` (`ibisn`,`next_level`,`add_buff`,`need_imsn`,`need_price`) VALUES (100406,84,0,1,840);
INSERT INTO `info_building_item_level` (`ibisn`,`next_level`,`add_buff`,`need_imsn`,`need_price`) VALUES (100406,85,0,1,850);
INSERT INTO `info_building_item_level` (`ibisn`,`next_level`,`add_buff`,`need_imsn`,`need_price`) VALUES (100406,86,0,1,860);
INSERT INTO `info_building_item_level` (`ibisn`,`next_level`,`add_buff`,`need_imsn`,`need_price`) VALUES (100406,87,0,1,870);
INSERT INTO `info_building_item_level` (`ibisn`,`next_level`,`add_buff`,`need_imsn`,`need_price`) VALUES (100406,88,0,1,880);
INSERT INTO `info_building_item_level` (`ibisn`,`next_level`,`add_buff`,`need_imsn`,`need_price`) VALUES (100406,89,0,1,890);
INSERT INTO `info_building_item_level` (`ibisn`,`next_level`,`add_buff`,`need_imsn`,`need_price`) VALUES (100406,90,0,1,900);
INSERT INTO `info_building_item_level` (`ibisn`,`next_level`,`add_buff`,`need_imsn`,`need_price`) VALUES (100406,91,0,1,910);
INSERT INTO `info_building_item_level` (`ibisn`,`next_level`,`add_buff`,`need_imsn`,`need_price`) VALUES (100406,92,0,1,920);
INSERT INTO `info_building_item_level` (`ibisn`,`next_level`,`add_buff`,`need_imsn`,`need_price`) VALUES (100406,93,0,1,930);
INSERT INTO `info_building_item_level` (`ibisn`,`next_level`,`add_buff`,`need_imsn`,`need_price`) VALUES (100406,94,0,1,940);
INSERT INTO `info_building_item_level` (`ibisn`,`next_level`,`add_buff`,`need_imsn`,`need_price`) VALUES (100406,95,0,1,950);
INSERT INTO `info_building_item_level` (`ibisn`,`next_level`,`add_buff`,`need_imsn`,`need_price`) VALUES (100406,96,0,1,960);
INSERT INTO `info_building_item_level` (`ibisn`,`next_level`,`add_buff`,`need_imsn`,`need_price`) VALUES (100406,97,0,1,970);
INSERT INTO `info_building_item_level` (`ibisn`,`next_level`,`add_buff`,`need_imsn`,`need_price`) VALUES (100406,98,0,1,980);
INSERT INTO `info_building_item_level` (`ibisn`,`next_level`,`add_buff`,`need_imsn`,`need_price`) VALUES (100406,99,0,1,990);
INSERT INTO `info_building_item_level` (`ibisn`,`next_level`,`add_buff`,`need_imsn`,`need_price`) VALUES (100406,100,0,1,1000);
INSERT INTO `info_building_item_level` (`ibisn`,`next_level`,`add_buff`,`need_imsn`,`need_price`) VALUES (100407,1,0,1,10);
INSERT INTO `info_building_item_level` (`ibisn`,`next_level`,`add_buff`,`need_imsn`,`need_price`) VALUES (100407,2,0,1,20);
INSERT INTO `info_building_item_level` (`ibisn`,`next_level`,`add_buff`,`need_imsn`,`need_price`) VALUES (100407,3,0,1,30);
INSERT INTO `info_building_item_level` (`ibisn`,`next_level`,`add_buff`,`need_imsn`,`need_price`) VALUES (100407,4,0,1,40);
INSERT INTO `info_building_item_level` (`ibisn`,`next_level`,`add_buff`,`need_imsn`,`need_price`) VALUES (100407,5,0,1,50);
INSERT INTO `info_building_item_level` (`ibisn`,`next_level`,`add_buff`,`need_imsn`,`need_price`) VALUES (100407,6,0,1,60);
INSERT INTO `info_building_item_level` (`ibisn`,`next_level`,`add_buff`,`need_imsn`,`need_price`) VALUES (100407,7,0,1,70);
INSERT INTO `info_building_item_level` (`ibisn`,`next_level`,`add_buff`,`need_imsn`,`need_price`) VALUES (100407,8,0,1,80);
INSERT INTO `info_building_item_level` (`ibisn`,`next_level`,`add_buff`,`need_imsn`,`need_price`) VALUES (100407,9,0,1,90);
INSERT INTO `info_building_item_level` (`ibisn`,`next_level`,`add_buff`,`need_imsn`,`need_price`) VALUES (100407,10,0,1,100);
INSERT INTO `info_building_item_level` (`ibisn`,`next_level`,`add_buff`,`need_imsn`,`need_price`) VALUES (100407,11,0,1,110);
INSERT INTO `info_building_item_level` (`ibisn`,`next_level`,`add_buff`,`need_imsn`,`need_price`) VALUES (100407,12,0,1,120);
INSERT INTO `info_building_item_level` (`ibisn`,`next_level`,`add_buff`,`need_imsn`,`need_price`) VALUES (100407,13,0,1,130);
INSERT INTO `info_building_item_level` (`ibisn`,`next_level`,`add_buff`,`need_imsn`,`need_price`) VALUES (100407,14,0,1,140);
INSERT INTO `info_building_item_level` (`ibisn`,`next_level`,`add_buff`,`need_imsn`,`need_price`) VALUES (100407,15,0,1,150);
INSERT INTO `info_building_item_level` (`ibisn`,`next_level`,`add_buff`,`need_imsn`,`need_price`) VALUES (100407,16,0,1,160);
INSERT INTO `info_building_item_level` (`ibisn`,`next_level`,`add_buff`,`need_imsn`,`need_price`) VALUES (100407,17,0,1,170);
INSERT INTO `info_building_item_level` (`ibisn`,`next_level`,`add_buff`,`need_imsn`,`need_price`) VALUES (100407,18,0,1,180);
INSERT INTO `info_building_item_level` (`ibisn`,`next_level`,`add_buff`,`need_imsn`,`need_price`) VALUES (100407,19,0,1,190);
INSERT INTO `info_building_item_level` (`ibisn`,`next_level`,`add_buff`,`need_imsn`,`need_price`) VALUES (100407,20,0,1,200);
INSERT INTO `info_building_item_level` (`ibisn`,`next_level`,`add_buff`,`need_imsn`,`need_price`) VALUES (100407,21,0,1,210);
INSERT INTO `info_building_item_level` (`ibisn`,`next_level`,`add_buff`,`need_imsn`,`need_price`) VALUES (100407,22,0,1,220);
INSERT INTO `info_building_item_level` (`ibisn`,`next_level`,`add_buff`,`need_imsn`,`need_price`) VALUES (100407,23,0,1,230);
INSERT INTO `info_building_item_level` (`ibisn`,`next_level`,`add_buff`,`need_imsn`,`need_price`) VALUES (100407,24,0,1,240);
INSERT INTO `info_building_item_level` (`ibisn`,`next_level`,`add_buff`,`need_imsn`,`need_price`) VALUES (100407,25,0,1,250);
INSERT INTO `info_building_item_level` (`ibisn`,`next_level`,`add_buff`,`need_imsn`,`need_price`) VALUES (100407,26,0,1,260);
INSERT INTO `info_building_item_level` (`ibisn`,`next_level`,`add_buff`,`need_imsn`,`need_price`) VALUES (100407,27,0,1,270);
INSERT INTO `info_building_item_level` (`ibisn`,`next_level`,`add_buff`,`need_imsn`,`need_price`) VALUES (100407,28,0,1,280);
INSERT INTO `info_building_item_level` (`ibisn`,`next_level`,`add_buff`,`need_imsn`,`need_price`) VALUES (100407,29,0,1,290);
INSERT INTO `info_building_item_level` (`ibisn`,`next_level`,`add_buff`,`need_imsn`,`need_price`) VALUES (100407,30,0,1,300);
INSERT INTO `info_building_item_level` (`ibisn`,`next_level`,`add_buff`,`need_imsn`,`need_price`) VALUES (100407,31,0,1,310);
INSERT INTO `info_building_item_level` (`ibisn`,`next_level`,`add_buff`,`need_imsn`,`need_price`) VALUES (100407,32,0,1,320);
INSERT INTO `info_building_item_level` (`ibisn`,`next_level`,`add_buff`,`need_imsn`,`need_price`) VALUES (100407,33,0,1,330);
INSERT INTO `info_building_item_level` (`ibisn`,`next_level`,`add_buff`,`need_imsn`,`need_price`) VALUES (100407,34,0,1,340);
INSERT INTO `info_building_item_level` (`ibisn`,`next_level`,`add_buff`,`need_imsn`,`need_price`) VALUES (100407,35,0,1,350);
INSERT INTO `info_building_item_level` (`ibisn`,`next_level`,`add_buff`,`need_imsn`,`need_price`) VALUES (100407,36,0,1,360);
INSERT INTO `info_building_item_level` (`ibisn`,`next_level`,`add_buff`,`need_imsn`,`need_price`) VALUES (100407,37,0,1,370);
INSERT INTO `info_building_item_level` (`ibisn`,`next_level`,`add_buff`,`need_imsn`,`need_price`) VALUES (100407,38,0,1,380);
INSERT INTO `info_building_item_level` (`ibisn`,`next_level`,`add_buff`,`need_imsn`,`need_price`) VALUES (100407,39,0,1,390);
INSERT INTO `info_building_item_level` (`ibisn`,`next_level`,`add_buff`,`need_imsn`,`need_price`) VALUES (100407,40,0,1,400);
INSERT INTO `info_building_item_level` (`ibisn`,`next_level`,`add_buff`,`need_imsn`,`need_price`) VALUES (100407,41,0,1,410);
INSERT INTO `info_building_item_level` (`ibisn`,`next_level`,`add_buff`,`need_imsn`,`need_price`) VALUES (100407,42,0,1,420);
INSERT INTO `info_building_item_level` (`ibisn`,`next_level`,`add_buff`,`need_imsn`,`need_price`) VALUES (100407,43,0,1,430);
INSERT INTO `info_building_item_level` (`ibisn`,`next_level`,`add_buff`,`need_imsn`,`need_price`) VALUES (100407,44,0,1,440);
INSERT INTO `info_building_item_level` (`ibisn`,`next_level`,`add_buff`,`need_imsn`,`need_price`) VALUES (100407,45,0,1,450);
INSERT INTO `info_building_item_level` (`ibisn`,`next_level`,`add_buff`,`need_imsn`,`need_price`) VALUES (100407,46,0,1,460);
INSERT INTO `info_building_item_level` (`ibisn`,`next_level`,`add_buff`,`need_imsn`,`need_price`) VALUES (100407,47,0,1,470);
INSERT INTO `info_building_item_level` (`ibisn`,`next_level`,`add_buff`,`need_imsn`,`need_price`) VALUES (100407,48,0,1,480);
INSERT INTO `info_building_item_level` (`ibisn`,`next_level`,`add_buff`,`need_imsn`,`need_price`) VALUES (100407,49,0,1,490);
INSERT INTO `info_building_item_level` (`ibisn`,`next_level`,`add_buff`,`need_imsn`,`need_price`) VALUES (100407,50,0,1,500);
INSERT INTO `info_building_item_level` (`ibisn`,`next_level`,`add_buff`,`need_imsn`,`need_price`) VALUES (100407,51,0,1,510);
INSERT INTO `info_building_item_level` (`ibisn`,`next_level`,`add_buff`,`need_imsn`,`need_price`) VALUES (100407,52,0,1,520);
INSERT INTO `info_building_item_level` (`ibisn`,`next_level`,`add_buff`,`need_imsn`,`need_price`) VALUES (100407,53,0,1,530);
INSERT INTO `info_building_item_level` (`ibisn`,`next_level`,`add_buff`,`need_imsn`,`need_price`) VALUES (100407,54,0,1,540);
INSERT INTO `info_building_item_level` (`ibisn`,`next_level`,`add_buff`,`need_imsn`,`need_price`) VALUES (100407,55,0,1,550);
INSERT INTO `info_building_item_level` (`ibisn`,`next_level`,`add_buff`,`need_imsn`,`need_price`) VALUES (100407,56,0,1,560);
INSERT INTO `info_building_item_level` (`ibisn`,`next_level`,`add_buff`,`need_imsn`,`need_price`) VALUES (100407,57,0,1,570);
INSERT INTO `info_building_item_level` (`ibisn`,`next_level`,`add_buff`,`need_imsn`,`need_price`) VALUES (100407,58,0,1,580);
INSERT INTO `info_building_item_level` (`ibisn`,`next_level`,`add_buff`,`need_imsn`,`need_price`) VALUES (100407,59,0,1,590);
INSERT INTO `info_building_item_level` (`ibisn`,`next_level`,`add_buff`,`need_imsn`,`need_price`) VALUES (100407,60,0,1,600);
INSERT INTO `info_building_item_level` (`ibisn`,`next_level`,`add_buff`,`need_imsn`,`need_price`) VALUES (100407,61,0,1,610);
INSERT INTO `info_building_item_level` (`ibisn`,`next_level`,`add_buff`,`need_imsn`,`need_price`) VALUES (100407,62,0,1,620);
INSERT INTO `info_building_item_level` (`ibisn`,`next_level`,`add_buff`,`need_imsn`,`need_price`) VALUES (100407,63,0,1,630);
INSERT INTO `info_building_item_level` (`ibisn`,`next_level`,`add_buff`,`need_imsn`,`need_price`) VALUES (100407,64,0,1,640);
INSERT INTO `info_building_item_level` (`ibisn`,`next_level`,`add_buff`,`need_imsn`,`need_price`) VALUES (100407,65,0,1,650);
INSERT INTO `info_building_item_level` (`ibisn`,`next_level`,`add_buff`,`need_imsn`,`need_price`) VALUES (100407,66,0,1,660);
INSERT INTO `info_building_item_level` (`ibisn`,`next_level`,`add_buff`,`need_imsn`,`need_price`) VALUES (100407,67,0,1,670);
INSERT INTO `info_building_item_level` (`ibisn`,`next_level`,`add_buff`,`need_imsn`,`need_price`) VALUES (100407,68,0,1,680);
INSERT INTO `info_building_item_level` (`ibisn`,`next_level`,`add_buff`,`need_imsn`,`need_price`) VALUES (100407,69,0,1,690);
INSERT INTO `info_building_item_level` (`ibisn`,`next_level`,`add_buff`,`need_imsn`,`need_price`) VALUES (100407,70,0,1,700);
INSERT INTO `info_building_item_level` (`ibisn`,`next_level`,`add_buff`,`need_imsn`,`need_price`) VALUES (100407,71,0,1,710);
INSERT INTO `info_building_item_level` (`ibisn`,`next_level`,`add_buff`,`need_imsn`,`need_price`) VALUES (100407,72,0,1,720);
INSERT INTO `info_building_item_level` (`ibisn`,`next_level`,`add_buff`,`need_imsn`,`need_price`) VALUES (100407,73,0,1,730);
INSERT INTO `info_building_item_level` (`ibisn`,`next_level`,`add_buff`,`need_imsn`,`need_price`) VALUES (100407,74,0,1,740);
INSERT INTO `info_building_item_level` (`ibisn`,`next_level`,`add_buff`,`need_imsn`,`need_price`) VALUES (100407,75,0,1,750);
INSERT INTO `info_building_item_level` (`ibisn`,`next_level`,`add_buff`,`need_imsn`,`need_price`) VALUES (100407,76,0,1,760);
INSERT INTO `info_building_item_level` (`ibisn`,`next_level`,`add_buff`,`need_imsn`,`need_price`) VALUES (100407,77,0,1,770);
INSERT INTO `info_building_item_level` (`ibisn`,`next_level`,`add_buff`,`need_imsn`,`need_price`) VALUES (100407,78,0,1,780);
INSERT INTO `info_building_item_level` (`ibisn`,`next_level`,`add_buff`,`need_imsn`,`need_price`) VALUES (100407,79,0,1,790);
INSERT INTO `info_building_item_level` (`ibisn`,`next_level`,`add_buff`,`need_imsn`,`need_price`) VALUES (100407,80,0,1,800);
INSERT INTO `info_building_item_level` (`ibisn`,`next_level`,`add_buff`,`need_imsn`,`need_price`) VALUES (100407,81,0,1,810);
INSERT INTO `info_building_item_level` (`ibisn`,`next_level`,`add_buff`,`need_imsn`,`need_price`) VALUES (100407,82,0,1,820);
INSERT INTO `info_building_item_level` (`ibisn`,`next_level`,`add_buff`,`need_imsn`,`need_price`) VALUES (100407,83,0,1,830);
INSERT INTO `info_building_item_level` (`ibisn`,`next_level`,`add_buff`,`need_imsn`,`need_price`) VALUES (100407,84,0,1,840);
INSERT INTO `info_building_item_level` (`ibisn`,`next_level`,`add_buff`,`need_imsn`,`need_price`) VALUES (100407,85,0,1,850);
INSERT INTO `info_building_item_level` (`ibisn`,`next_level`,`add_buff`,`need_imsn`,`need_price`) VALUES (100407,86,0,1,860);
INSERT INTO `info_building_item_level` (`ibisn`,`next_level`,`add_buff`,`need_imsn`,`need_price`) VALUES (100407,87,0,1,870);
INSERT INTO `info_building_item_level` (`ibisn`,`next_level`,`add_buff`,`need_imsn`,`need_price`) VALUES (100407,88,0,1,880);
INSERT INTO `info_building_item_level` (`ibisn`,`next_level`,`add_buff`,`need_imsn`,`need_price`) VALUES (100407,89,0,1,890);
INSERT INTO `info_building_item_level` (`ibisn`,`next_level`,`add_buff`,`need_imsn`,`need_price`) VALUES (100407,90,0,1,900);
INSERT INTO `info_building_item_level` (`ibisn`,`next_level`,`add_buff`,`need_imsn`,`need_price`) VALUES (100407,91,0,1,910);
INSERT INTO `info_building_item_level` (`ibisn`,`next_level`,`add_buff`,`need_imsn`,`need_price`) VALUES (100407,92,0,1,920);
INSERT INTO `info_building_item_level` (`ibisn`,`next_level`,`add_buff`,`need_imsn`,`need_price`) VALUES (100407,93,0,1,930);
INSERT INTO `info_building_item_level` (`ibisn`,`next_level`,`add_buff`,`need_imsn`,`need_price`) VALUES (100407,94,0,1,940);
INSERT INTO `info_building_item_level` (`ibisn`,`next_level`,`add_buff`,`need_imsn`,`need_price`) VALUES (100407,95,0,1,950);
INSERT INTO `info_building_item_level` (`ibisn`,`next_level`,`add_buff`,`need_imsn`,`need_price`) VALUES (100407,96,0,1,960);
INSERT INTO `info_building_item_level` (`ibisn`,`next_level`,`add_buff`,`need_imsn`,`need_price`) VALUES (100407,97,0,1,970);
INSERT INTO `info_building_item_level` (`ibisn`,`next_level`,`add_buff`,`need_imsn`,`need_price`) VALUES (100407,98,0,1,980);
INSERT INTO `info_building_item_level` (`ibisn`,`next_level`,`add_buff`,`need_imsn`,`need_price`) VALUES (100407,99,0,1,990);
INSERT INTO `info_building_item_level` (`ibisn`,`next_level`,`add_buff`,`need_imsn`,`need_price`) VALUES (100407,100,0,1,1000);
INSERT INTO `info_building_item_level` (`ibisn`,`next_level`,`add_buff`,`need_imsn`,`need_price`) VALUES (100408,1,0,1,10);
INSERT INTO `info_building_item_level` (`ibisn`,`next_level`,`add_buff`,`need_imsn`,`need_price`) VALUES (100408,2,0,1,20);
INSERT INTO `info_building_item_level` (`ibisn`,`next_level`,`add_buff`,`need_imsn`,`need_price`) VALUES (100408,3,0,1,30);
INSERT INTO `info_building_item_level` (`ibisn`,`next_level`,`add_buff`,`need_imsn`,`need_price`) VALUES (100408,4,0,1,40);
INSERT INTO `info_building_item_level` (`ibisn`,`next_level`,`add_buff`,`need_imsn`,`need_price`) VALUES (100408,5,0,1,50);
INSERT INTO `info_building_item_level` (`ibisn`,`next_level`,`add_buff`,`need_imsn`,`need_price`) VALUES (100408,6,0,1,60);
INSERT INTO `info_building_item_level` (`ibisn`,`next_level`,`add_buff`,`need_imsn`,`need_price`) VALUES (100408,7,0,1,70);
INSERT INTO `info_building_item_level` (`ibisn`,`next_level`,`add_buff`,`need_imsn`,`need_price`) VALUES (100408,8,0,1,80);
INSERT INTO `info_building_item_level` (`ibisn`,`next_level`,`add_buff`,`need_imsn`,`need_price`) VALUES (100408,9,0,1,90);
INSERT INTO `info_building_item_level` (`ibisn`,`next_level`,`add_buff`,`need_imsn`,`need_price`) VALUES (100408,10,0,1,100);
INSERT INTO `info_building_item_level` (`ibisn`,`next_level`,`add_buff`,`need_imsn`,`need_price`) VALUES (100408,11,0,1,110);
INSERT INTO `info_building_item_level` (`ibisn`,`next_level`,`add_buff`,`need_imsn`,`need_price`) VALUES (100408,12,0,1,120);
INSERT INTO `info_building_item_level` (`ibisn`,`next_level`,`add_buff`,`need_imsn`,`need_price`) VALUES (100408,13,0,1,130);
INSERT INTO `info_building_item_level` (`ibisn`,`next_level`,`add_buff`,`need_imsn`,`need_price`) VALUES (100408,14,0,1,140);
INSERT INTO `info_building_item_level` (`ibisn`,`next_level`,`add_buff`,`need_imsn`,`need_price`) VALUES (100408,15,0,1,150);
INSERT INTO `info_building_item_level` (`ibisn`,`next_level`,`add_buff`,`need_imsn`,`need_price`) VALUES (100408,16,0,1,160);
INSERT INTO `info_building_item_level` (`ibisn`,`next_level`,`add_buff`,`need_imsn`,`need_price`) VALUES (100408,17,0,1,170);
INSERT INTO `info_building_item_level` (`ibisn`,`next_level`,`add_buff`,`need_imsn`,`need_price`) VALUES (100408,18,0,1,180);
INSERT INTO `info_building_item_level` (`ibisn`,`next_level`,`add_buff`,`need_imsn`,`need_price`) VALUES (100408,19,0,1,190);
INSERT INTO `info_building_item_level` (`ibisn`,`next_level`,`add_buff`,`need_imsn`,`need_price`) VALUES (100408,20,0,1,200);
INSERT INTO `info_building_item_level` (`ibisn`,`next_level`,`add_buff`,`need_imsn`,`need_price`) VALUES (100408,21,0,1,210);
INSERT INTO `info_building_item_level` (`ibisn`,`next_level`,`add_buff`,`need_imsn`,`need_price`) VALUES (100408,22,0,1,220);
INSERT INTO `info_building_item_level` (`ibisn`,`next_level`,`add_buff`,`need_imsn`,`need_price`) VALUES (100408,23,0,1,230);
INSERT INTO `info_building_item_level` (`ibisn`,`next_level`,`add_buff`,`need_imsn`,`need_price`) VALUES (100408,24,0,1,240);
INSERT INTO `info_building_item_level` (`ibisn`,`next_level`,`add_buff`,`need_imsn`,`need_price`) VALUES (100408,25,0,1,250);
INSERT INTO `info_building_item_level` (`ibisn`,`next_level`,`add_buff`,`need_imsn`,`need_price`) VALUES (100408,26,0,1,260);
INSERT INTO `info_building_item_level` (`ibisn`,`next_level`,`add_buff`,`need_imsn`,`need_price`) VALUES (100408,27,0,1,270);
INSERT INTO `info_building_item_level` (`ibisn`,`next_level`,`add_buff`,`need_imsn`,`need_price`) VALUES (100408,28,0,1,280);
INSERT INTO `info_building_item_level` (`ibisn`,`next_level`,`add_buff`,`need_imsn`,`need_price`) VALUES (100408,29,0,1,290);
INSERT INTO `info_building_item_level` (`ibisn`,`next_level`,`add_buff`,`need_imsn`,`need_price`) VALUES (100408,30,0,1,300);
INSERT INTO `info_building_item_level` (`ibisn`,`next_level`,`add_buff`,`need_imsn`,`need_price`) VALUES (100408,31,0,1,310);
INSERT INTO `info_building_item_level` (`ibisn`,`next_level`,`add_buff`,`need_imsn`,`need_price`) VALUES (100408,32,0,1,320);
INSERT INTO `info_building_item_level` (`ibisn`,`next_level`,`add_buff`,`need_imsn`,`need_price`) VALUES (100408,33,0,1,330);
INSERT INTO `info_building_item_level` (`ibisn`,`next_level`,`add_buff`,`need_imsn`,`need_price`) VALUES (100408,34,0,1,340);
INSERT INTO `info_building_item_level` (`ibisn`,`next_level`,`add_buff`,`need_imsn`,`need_price`) VALUES (100408,35,0,1,350);
INSERT INTO `info_building_item_level` (`ibisn`,`next_level`,`add_buff`,`need_imsn`,`need_price`) VALUES (100408,36,0,1,360);
INSERT INTO `info_building_item_level` (`ibisn`,`next_level`,`add_buff`,`need_imsn`,`need_price`) VALUES (100408,37,0,1,370);
INSERT INTO `info_building_item_level` (`ibisn`,`next_level`,`add_buff`,`need_imsn`,`need_price`) VALUES (100408,38,0,1,380);
INSERT INTO `info_building_item_level` (`ibisn`,`next_level`,`add_buff`,`need_imsn`,`need_price`) VALUES (100408,39,0,1,390);
INSERT INTO `info_building_item_level` (`ibisn`,`next_level`,`add_buff`,`need_imsn`,`need_price`) VALUES (100408,40,0,1,400);
INSERT INTO `info_building_item_level` (`ibisn`,`next_level`,`add_buff`,`need_imsn`,`need_price`) VALUES (100408,41,0,1,410);
INSERT INTO `info_building_item_level` (`ibisn`,`next_level`,`add_buff`,`need_imsn`,`need_price`) VALUES (100408,42,0,1,420);
INSERT INTO `info_building_item_level` (`ibisn`,`next_level`,`add_buff`,`need_imsn`,`need_price`) VALUES (100408,43,0,1,430);
INSERT INTO `info_building_item_level` (`ibisn`,`next_level`,`add_buff`,`need_imsn`,`need_price`) VALUES (100408,44,0,1,440);
INSERT INTO `info_building_item_level` (`ibisn`,`next_level`,`add_buff`,`need_imsn`,`need_price`) VALUES (100408,45,0,1,450);
INSERT INTO `info_building_item_level` (`ibisn`,`next_level`,`add_buff`,`need_imsn`,`need_price`) VALUES (100408,46,0,1,460);
INSERT INTO `info_building_item_level` (`ibisn`,`next_level`,`add_buff`,`need_imsn`,`need_price`) VALUES (100408,47,0,1,470);
INSERT INTO `info_building_item_level` (`ibisn`,`next_level`,`add_buff`,`need_imsn`,`need_price`) VALUES (100408,48,0,1,480);
INSERT INTO `info_building_item_level` (`ibisn`,`next_level`,`add_buff`,`need_imsn`,`need_price`) VALUES (100408,49,0,1,490);
INSERT INTO `info_building_item_level` (`ibisn`,`next_level`,`add_buff`,`need_imsn`,`need_price`) VALUES (100408,50,0,1,500);
INSERT INTO `info_building_item_level` (`ibisn`,`next_level`,`add_buff`,`need_imsn`,`need_price`) VALUES (100408,51,0,1,510);
INSERT INTO `info_building_item_level` (`ibisn`,`next_level`,`add_buff`,`need_imsn`,`need_price`) VALUES (100408,52,0,1,520);
INSERT INTO `info_building_item_level` (`ibisn`,`next_level`,`add_buff`,`need_imsn`,`need_price`) VALUES (100408,53,0,1,530);
INSERT INTO `info_building_item_level` (`ibisn`,`next_level`,`add_buff`,`need_imsn`,`need_price`) VALUES (100408,54,0,1,540);
INSERT INTO `info_building_item_level` (`ibisn`,`next_level`,`add_buff`,`need_imsn`,`need_price`) VALUES (100408,55,0,1,550);
INSERT INTO `info_building_item_level` (`ibisn`,`next_level`,`add_buff`,`need_imsn`,`need_price`) VALUES (100408,56,0,1,560);
INSERT INTO `info_building_item_level` (`ibisn`,`next_level`,`add_buff`,`need_imsn`,`need_price`) VALUES (100408,57,0,1,570);
INSERT INTO `info_building_item_level` (`ibisn`,`next_level`,`add_buff`,`need_imsn`,`need_price`) VALUES (100408,58,0,1,580);
INSERT INTO `info_building_item_level` (`ibisn`,`next_level`,`add_buff`,`need_imsn`,`need_price`) VALUES (100408,59,0,1,590);
INSERT INTO `info_building_item_level` (`ibisn`,`next_level`,`add_buff`,`need_imsn`,`need_price`) VALUES (100408,60,0,1,600);
INSERT INTO `info_building_item_level` (`ibisn`,`next_level`,`add_buff`,`need_imsn`,`need_price`) VALUES (100408,61,0,1,610);
INSERT INTO `info_building_item_level` (`ibisn`,`next_level`,`add_buff`,`need_imsn`,`need_price`) VALUES (100408,62,0,1,620);
INSERT INTO `info_building_item_level` (`ibisn`,`next_level`,`add_buff`,`need_imsn`,`need_price`) VALUES (100408,63,0,1,630);
INSERT INTO `info_building_item_level` (`ibisn`,`next_level`,`add_buff`,`need_imsn`,`need_price`) VALUES (100408,64,0,1,640);
INSERT INTO `info_building_item_level` (`ibisn`,`next_level`,`add_buff`,`need_imsn`,`need_price`) VALUES (100408,65,0,1,650);
INSERT INTO `info_building_item_level` (`ibisn`,`next_level`,`add_buff`,`need_imsn`,`need_price`) VALUES (100408,66,0,1,660);
INSERT INTO `info_building_item_level` (`ibisn`,`next_level`,`add_buff`,`need_imsn`,`need_price`) VALUES (100408,67,0,1,670);
INSERT INTO `info_building_item_level` (`ibisn`,`next_level`,`add_buff`,`need_imsn`,`need_price`) VALUES (100408,68,0,1,680);
INSERT INTO `info_building_item_level` (`ibisn`,`next_level`,`add_buff`,`need_imsn`,`need_price`) VALUES (100408,69,0,1,690);
INSERT INTO `info_building_item_level` (`ibisn`,`next_level`,`add_buff`,`need_imsn`,`need_price`) VALUES (100408,70,0,1,700);
INSERT INTO `info_building_item_level` (`ibisn`,`next_level`,`add_buff`,`need_imsn`,`need_price`) VALUES (100408,71,0,1,710);
INSERT INTO `info_building_item_level` (`ibisn`,`next_level`,`add_buff`,`need_imsn`,`need_price`) VALUES (100408,72,0,1,720);
INSERT INTO `info_building_item_level` (`ibisn`,`next_level`,`add_buff`,`need_imsn`,`need_price`) VALUES (100408,73,0,1,730);
INSERT INTO `info_building_item_level` (`ibisn`,`next_level`,`add_buff`,`need_imsn`,`need_price`) VALUES (100408,74,0,1,740);
INSERT INTO `info_building_item_level` (`ibisn`,`next_level`,`add_buff`,`need_imsn`,`need_price`) VALUES (100408,75,0,1,750);
INSERT INTO `info_building_item_level` (`ibisn`,`next_level`,`add_buff`,`need_imsn`,`need_price`) VALUES (100408,76,0,1,760);
INSERT INTO `info_building_item_level` (`ibisn`,`next_level`,`add_buff`,`need_imsn`,`need_price`) VALUES (100408,77,0,1,770);
INSERT INTO `info_building_item_level` (`ibisn`,`next_level`,`add_buff`,`need_imsn`,`need_price`) VALUES (100408,78,0,1,780);
INSERT INTO `info_building_item_level` (`ibisn`,`next_level`,`add_buff`,`need_imsn`,`need_price`) VALUES (100408,79,0,1,790);
INSERT INTO `info_building_item_level` (`ibisn`,`next_level`,`add_buff`,`need_imsn`,`need_price`) VALUES (100408,80,0,1,800);
INSERT INTO `info_building_item_level` (`ibisn`,`next_level`,`add_buff`,`need_imsn`,`need_price`) VALUES (100408,81,0,1,810);
INSERT INTO `info_building_item_level` (`ibisn`,`next_level`,`add_buff`,`need_imsn`,`need_price`) VALUES (100408,82,0,1,820);
INSERT INTO `info_building_item_level` (`ibisn`,`next_level`,`add_buff`,`need_imsn`,`need_price`) VALUES (100408,83,0,1,830);
INSERT INTO `info_building_item_level` (`ibisn`,`next_level`,`add_buff`,`need_imsn`,`need_price`) VALUES (100408,84,0,1,840);
INSERT INTO `info_building_item_level` (`ibisn`,`next_level`,`add_buff`,`need_imsn`,`need_price`) VALUES (100408,85,0,1,850);
INSERT INTO `info_building_item_level` (`ibisn`,`next_level`,`add_buff`,`need_imsn`,`need_price`) VALUES (100408,86,0,1,860);
INSERT INTO `info_building_item_level` (`ibisn`,`next_level`,`add_buff`,`need_imsn`,`need_price`) VALUES (100408,87,0,1,870);
INSERT INTO `info_building_item_level` (`ibisn`,`next_level`,`add_buff`,`need_imsn`,`need_price`) VALUES (100408,88,0,1,880);
INSERT INTO `info_building_item_level` (`ibisn`,`next_level`,`add_buff`,`need_imsn`,`need_price`) VALUES (100408,89,0,1,890);
INSERT INTO `info_building_item_level` (`ibisn`,`next_level`,`add_buff`,`need_imsn`,`need_price`) VALUES (100408,90,0,1,900);
INSERT INTO `info_building_item_level` (`ibisn`,`next_level`,`add_buff`,`need_imsn`,`need_price`) VALUES (100408,91,0,1,910);
INSERT INTO `info_building_item_level` (`ibisn`,`next_level`,`add_buff`,`need_imsn`,`need_price`) VALUES (100408,92,0,1,920);
INSERT INTO `info_building_item_level` (`ibisn`,`next_level`,`add_buff`,`need_imsn`,`need_price`) VALUES (100408,93,0,1,930);
INSERT INTO `info_building_item_level` (`ibisn`,`next_level`,`add_buff`,`need_imsn`,`need_price`) VALUES (100408,94,0,1,940);
INSERT INTO `info_building_item_level` (`ibisn`,`next_level`,`add_buff`,`need_imsn`,`need_price`) VALUES (100408,95,0,1,950);
INSERT INTO `info_building_item_level` (`ibisn`,`next_level`,`add_buff`,`need_imsn`,`need_price`) VALUES (100408,96,0,1,960);
INSERT INTO `info_building_item_level` (`ibisn`,`next_level`,`add_buff`,`need_imsn`,`need_price`) VALUES (100408,97,0,1,970);
INSERT INTO `info_building_item_level` (`ibisn`,`next_level`,`add_buff`,`need_imsn`,`need_price`) VALUES (100408,98,0,1,980);
INSERT INTO `info_building_item_level` (`ibisn`,`next_level`,`add_buff`,`need_imsn`,`need_price`) VALUES (100408,99,0,1,990);
INSERT INTO `info_building_item_level` (`ibisn`,`next_level`,`add_buff`,`need_imsn`,`need_price`) VALUES (100408,100,0,1,1000);
INSERT INTO `info_building_item_level` (`ibisn`,`next_level`,`add_buff`,`need_imsn`,`need_price`) VALUES (100409,1,0,1,10);
INSERT INTO `info_building_item_level` (`ibisn`,`next_level`,`add_buff`,`need_imsn`,`need_price`) VALUES (100409,2,0,1,20);
INSERT INTO `info_building_item_level` (`ibisn`,`next_level`,`add_buff`,`need_imsn`,`need_price`) VALUES (100409,3,0,1,30);
INSERT INTO `info_building_item_level` (`ibisn`,`next_level`,`add_buff`,`need_imsn`,`need_price`) VALUES (100409,4,0,1,40);
INSERT INTO `info_building_item_level` (`ibisn`,`next_level`,`add_buff`,`need_imsn`,`need_price`) VALUES (100409,5,0,1,50);
INSERT INTO `info_building_item_level` (`ibisn`,`next_level`,`add_buff`,`need_imsn`,`need_price`) VALUES (100409,6,0,1,60);
INSERT INTO `info_building_item_level` (`ibisn`,`next_level`,`add_buff`,`need_imsn`,`need_price`) VALUES (100409,7,0,1,70);
INSERT INTO `info_building_item_level` (`ibisn`,`next_level`,`add_buff`,`need_imsn`,`need_price`) VALUES (100409,8,0,1,80);
INSERT INTO `info_building_item_level` (`ibisn`,`next_level`,`add_buff`,`need_imsn`,`need_price`) VALUES (100409,9,0,1,90);
INSERT INTO `info_building_item_level` (`ibisn`,`next_level`,`add_buff`,`need_imsn`,`need_price`) VALUES (100409,10,0,1,100);
INSERT INTO `info_building_item_level` (`ibisn`,`next_level`,`add_buff`,`need_imsn`,`need_price`) VALUES (100409,11,0,1,110);
INSERT INTO `info_building_item_level` (`ibisn`,`next_level`,`add_buff`,`need_imsn`,`need_price`) VALUES (100409,12,0,1,120);
INSERT INTO `info_building_item_level` (`ibisn`,`next_level`,`add_buff`,`need_imsn`,`need_price`) VALUES (100409,13,0,1,130);
INSERT INTO `info_building_item_level` (`ibisn`,`next_level`,`add_buff`,`need_imsn`,`need_price`) VALUES (100409,14,0,1,140);
INSERT INTO `info_building_item_level` (`ibisn`,`next_level`,`add_buff`,`need_imsn`,`need_price`) VALUES (100409,15,0,1,150);
INSERT INTO `info_building_item_level` (`ibisn`,`next_level`,`add_buff`,`need_imsn`,`need_price`) VALUES (100409,16,0,1,160);
INSERT INTO `info_building_item_level` (`ibisn`,`next_level`,`add_buff`,`need_imsn`,`need_price`) VALUES (100409,17,0,1,170);
INSERT INTO `info_building_item_level` (`ibisn`,`next_level`,`add_buff`,`need_imsn`,`need_price`) VALUES (100409,18,0,1,180);
INSERT INTO `info_building_item_level` (`ibisn`,`next_level`,`add_buff`,`need_imsn`,`need_price`) VALUES (100409,19,0,1,190);
INSERT INTO `info_building_item_level` (`ibisn`,`next_level`,`add_buff`,`need_imsn`,`need_price`) VALUES (100409,20,0,1,200);
INSERT INTO `info_building_item_level` (`ibisn`,`next_level`,`add_buff`,`need_imsn`,`need_price`) VALUES (100409,21,0,1,210);
INSERT INTO `info_building_item_level` (`ibisn`,`next_level`,`add_buff`,`need_imsn`,`need_price`) VALUES (100409,22,0,1,220);
INSERT INTO `info_building_item_level` (`ibisn`,`next_level`,`add_buff`,`need_imsn`,`need_price`) VALUES (100409,23,0,1,230);
INSERT INTO `info_building_item_level` (`ibisn`,`next_level`,`add_buff`,`need_imsn`,`need_price`) VALUES (100409,24,0,1,240);
INSERT INTO `info_building_item_level` (`ibisn`,`next_level`,`add_buff`,`need_imsn`,`need_price`) VALUES (100409,25,0,1,250);
INSERT INTO `info_building_item_level` (`ibisn`,`next_level`,`add_buff`,`need_imsn`,`need_price`) VALUES (100409,26,0,1,260);
INSERT INTO `info_building_item_level` (`ibisn`,`next_level`,`add_buff`,`need_imsn`,`need_price`) VALUES (100409,27,0,1,270);
INSERT INTO `info_building_item_level` (`ibisn`,`next_level`,`add_buff`,`need_imsn`,`need_price`) VALUES (100409,28,0,1,280);
INSERT INTO `info_building_item_level` (`ibisn`,`next_level`,`add_buff`,`need_imsn`,`need_price`) VALUES (100409,29,0,1,290);
INSERT INTO `info_building_item_level` (`ibisn`,`next_level`,`add_buff`,`need_imsn`,`need_price`) VALUES (100409,30,0,1,300);
INSERT INTO `info_building_item_level` (`ibisn`,`next_level`,`add_buff`,`need_imsn`,`need_price`) VALUES (100409,31,0,1,310);
INSERT INTO `info_building_item_level` (`ibisn`,`next_level`,`add_buff`,`need_imsn`,`need_price`) VALUES (100409,32,0,1,320);
INSERT INTO `info_building_item_level` (`ibisn`,`next_level`,`add_buff`,`need_imsn`,`need_price`) VALUES (100409,33,0,1,330);
INSERT INTO `info_building_item_level` (`ibisn`,`next_level`,`add_buff`,`need_imsn`,`need_price`) VALUES (100409,34,0,1,340);
INSERT INTO `info_building_item_level` (`ibisn`,`next_level`,`add_buff`,`need_imsn`,`need_price`) VALUES (100409,35,0,1,350);
INSERT INTO `info_building_item_level` (`ibisn`,`next_level`,`add_buff`,`need_imsn`,`need_price`) VALUES (100409,36,0,1,360);
INSERT INTO `info_building_item_level` (`ibisn`,`next_level`,`add_buff`,`need_imsn`,`need_price`) VALUES (100409,37,0,1,370);
INSERT INTO `info_building_item_level` (`ibisn`,`next_level`,`add_buff`,`need_imsn`,`need_price`) VALUES (100409,38,0,1,380);
INSERT INTO `info_building_item_level` (`ibisn`,`next_level`,`add_buff`,`need_imsn`,`need_price`) VALUES (100409,39,0,1,390);
INSERT INTO `info_building_item_level` (`ibisn`,`next_level`,`add_buff`,`need_imsn`,`need_price`) VALUES (100409,40,0,1,400);
INSERT INTO `info_building_item_level` (`ibisn`,`next_level`,`add_buff`,`need_imsn`,`need_price`) VALUES (100409,41,0,1,410);
INSERT INTO `info_building_item_level` (`ibisn`,`next_level`,`add_buff`,`need_imsn`,`need_price`) VALUES (100409,42,0,1,420);
INSERT INTO `info_building_item_level` (`ibisn`,`next_level`,`add_buff`,`need_imsn`,`need_price`) VALUES (100409,43,0,1,430);
INSERT INTO `info_building_item_level` (`ibisn`,`next_level`,`add_buff`,`need_imsn`,`need_price`) VALUES (100409,44,0,1,440);
INSERT INTO `info_building_item_level` (`ibisn`,`next_level`,`add_buff`,`need_imsn`,`need_price`) VALUES (100409,45,0,1,450);
INSERT INTO `info_building_item_level` (`ibisn`,`next_level`,`add_buff`,`need_imsn`,`need_price`) VALUES (100409,46,0,1,460);
INSERT INTO `info_building_item_level` (`ibisn`,`next_level`,`add_buff`,`need_imsn`,`need_price`) VALUES (100409,47,0,1,470);
INSERT INTO `info_building_item_level` (`ibisn`,`next_level`,`add_buff`,`need_imsn`,`need_price`) VALUES (100409,48,0,1,480);
INSERT INTO `info_building_item_level` (`ibisn`,`next_level`,`add_buff`,`need_imsn`,`need_price`) VALUES (100409,49,0,1,490);
INSERT INTO `info_building_item_level` (`ibisn`,`next_level`,`add_buff`,`need_imsn`,`need_price`) VALUES (100409,50,0,1,500);
INSERT INTO `info_building_item_level` (`ibisn`,`next_level`,`add_buff`,`need_imsn`,`need_price`) VALUES (100409,51,0,1,510);
INSERT INTO `info_building_item_level` (`ibisn`,`next_level`,`add_buff`,`need_imsn`,`need_price`) VALUES (100409,52,0,1,520);
INSERT INTO `info_building_item_level` (`ibisn`,`next_level`,`add_buff`,`need_imsn`,`need_price`) VALUES (100409,53,0,1,530);
INSERT INTO `info_building_item_level` (`ibisn`,`next_level`,`add_buff`,`need_imsn`,`need_price`) VALUES (100409,54,0,1,540);
INSERT INTO `info_building_item_level` (`ibisn`,`next_level`,`add_buff`,`need_imsn`,`need_price`) VALUES (100409,55,0,1,550);
INSERT INTO `info_building_item_level` (`ibisn`,`next_level`,`add_buff`,`need_imsn`,`need_price`) VALUES (100409,56,0,1,560);
INSERT INTO `info_building_item_level` (`ibisn`,`next_level`,`add_buff`,`need_imsn`,`need_price`) VALUES (100409,57,0,1,570);
INSERT INTO `info_building_item_level` (`ibisn`,`next_level`,`add_buff`,`need_imsn`,`need_price`) VALUES (100409,58,0,1,580);
INSERT INTO `info_building_item_level` (`ibisn`,`next_level`,`add_buff`,`need_imsn`,`need_price`) VALUES (100409,59,0,1,590);
INSERT INTO `info_building_item_level` (`ibisn`,`next_level`,`add_buff`,`need_imsn`,`need_price`) VALUES (100409,60,0,1,600);
INSERT INTO `info_building_item_level` (`ibisn`,`next_level`,`add_buff`,`need_imsn`,`need_price`) VALUES (100409,61,0,1,610);
INSERT INTO `info_building_item_level` (`ibisn`,`next_level`,`add_buff`,`need_imsn`,`need_price`) VALUES (100409,62,0,1,620);
INSERT INTO `info_building_item_level` (`ibisn`,`next_level`,`add_buff`,`need_imsn`,`need_price`) VALUES (100409,63,0,1,630);
INSERT INTO `info_building_item_level` (`ibisn`,`next_level`,`add_buff`,`need_imsn`,`need_price`) VALUES (100409,64,0,1,640);
INSERT INTO `info_building_item_level` (`ibisn`,`next_level`,`add_buff`,`need_imsn`,`need_price`) VALUES (100409,65,0,1,650);
INSERT INTO `info_building_item_level` (`ibisn`,`next_level`,`add_buff`,`need_imsn`,`need_price`) VALUES (100409,66,0,1,660);
INSERT INTO `info_building_item_level` (`ibisn`,`next_level`,`add_buff`,`need_imsn`,`need_price`) VALUES (100409,67,0,1,670);
INSERT INTO `info_building_item_level` (`ibisn`,`next_level`,`add_buff`,`need_imsn`,`need_price`) VALUES (100409,68,0,1,680);
INSERT INTO `info_building_item_level` (`ibisn`,`next_level`,`add_buff`,`need_imsn`,`need_price`) VALUES (100409,69,0,1,690);
INSERT INTO `info_building_item_level` (`ibisn`,`next_level`,`add_buff`,`need_imsn`,`need_price`) VALUES (100409,70,0,1,700);
INSERT INTO `info_building_item_level` (`ibisn`,`next_level`,`add_buff`,`need_imsn`,`need_price`) VALUES (100409,71,0,1,710);
INSERT INTO `info_building_item_level` (`ibisn`,`next_level`,`add_buff`,`need_imsn`,`need_price`) VALUES (100409,72,0,1,720);
INSERT INTO `info_building_item_level` (`ibisn`,`next_level`,`add_buff`,`need_imsn`,`need_price`) VALUES (100409,73,0,1,730);
INSERT INTO `info_building_item_level` (`ibisn`,`next_level`,`add_buff`,`need_imsn`,`need_price`) VALUES (100409,74,0,1,740);
INSERT INTO `info_building_item_level` (`ibisn`,`next_level`,`add_buff`,`need_imsn`,`need_price`) VALUES (100409,75,0,1,750);
INSERT INTO `info_building_item_level` (`ibisn`,`next_level`,`add_buff`,`need_imsn`,`need_price`) VALUES (100409,76,0,1,760);
INSERT INTO `info_building_item_level` (`ibisn`,`next_level`,`add_buff`,`need_imsn`,`need_price`) VALUES (100409,77,0,1,770);
INSERT INTO `info_building_item_level` (`ibisn`,`next_level`,`add_buff`,`need_imsn`,`need_price`) VALUES (100409,78,0,1,780);
INSERT INTO `info_building_item_level` (`ibisn`,`next_level`,`add_buff`,`need_imsn`,`need_price`) VALUES (100409,79,0,1,790);
INSERT INTO `info_building_item_level` (`ibisn`,`next_level`,`add_buff`,`need_imsn`,`need_price`) VALUES (100409,80,0,1,800);
INSERT INTO `info_building_item_level` (`ibisn`,`next_level`,`add_buff`,`need_imsn`,`need_price`) VALUES (100409,81,0,1,810);
INSERT INTO `info_building_item_level` (`ibisn`,`next_level`,`add_buff`,`need_imsn`,`need_price`) VALUES (100409,82,0,1,820);
INSERT INTO `info_building_item_level` (`ibisn`,`next_level`,`add_buff`,`need_imsn`,`need_price`) VALUES (100409,83,0,1,830);
INSERT INTO `info_building_item_level` (`ibisn`,`next_level`,`add_buff`,`need_imsn`,`need_price`) VALUES (100409,84,0,1,840);
INSERT INTO `info_building_item_level` (`ibisn`,`next_level`,`add_buff`,`need_imsn`,`need_price`) VALUES (100409,85,0,1,850);
INSERT INTO `info_building_item_level` (`ibisn`,`next_level`,`add_buff`,`need_imsn`,`need_price`) VALUES (100409,86,0,1,860);
INSERT INTO `info_building_item_level` (`ibisn`,`next_level`,`add_buff`,`need_imsn`,`need_price`) VALUES (100409,87,0,1,870);
INSERT INTO `info_building_item_level` (`ibisn`,`next_level`,`add_buff`,`need_imsn`,`need_price`) VALUES (100409,88,0,1,880);
INSERT INTO `info_building_item_level` (`ibisn`,`next_level`,`add_buff`,`need_imsn`,`need_price`) VALUES (100409,89,0,1,890);
INSERT INTO `info_building_item_level` (`ibisn`,`next_level`,`add_buff`,`need_imsn`,`need_price`) VALUES (100409,90,0,1,900);
INSERT INTO `info_building_item_level` (`ibisn`,`next_level`,`add_buff`,`need_imsn`,`need_price`) VALUES (100409,91,0,1,910);
INSERT INTO `info_building_item_level` (`ibisn`,`next_level`,`add_buff`,`need_imsn`,`need_price`) VALUES (100409,92,0,1,920);
INSERT INTO `info_building_item_level` (`ibisn`,`next_level`,`add_buff`,`need_imsn`,`need_price`) VALUES (100409,93,0,1,930);
INSERT INTO `info_building_item_level` (`ibisn`,`next_level`,`add_buff`,`need_imsn`,`need_price`) VALUES (100409,94,0,1,940);
INSERT INTO `info_building_item_level` (`ibisn`,`next_level`,`add_buff`,`need_imsn`,`need_price`) VALUES (100409,95,0,1,950);
INSERT INTO `info_building_item_level` (`ibisn`,`next_level`,`add_buff`,`need_imsn`,`need_price`) VALUES (100409,96,0,1,960);
INSERT INTO `info_building_item_level` (`ibisn`,`next_level`,`add_buff`,`need_imsn`,`need_price`) VALUES (100409,97,0,1,970);
INSERT INTO `info_building_item_level` (`ibisn`,`next_level`,`add_buff`,`need_imsn`,`need_price`) VALUES (100409,98,0,1,980);
INSERT INTO `info_building_item_level` (`ibisn`,`next_level`,`add_buff`,`need_imsn`,`need_price`) VALUES (100409,99,0,1,990);
INSERT INTO `info_building_item_level` (`ibisn`,`next_level`,`add_buff`,`need_imsn`,`need_price`) VALUES (100409,100,0,1,1000);
INSERT INTO `info_building_item_level` (`ibisn`,`next_level`,`add_buff`,`need_imsn`,`need_price`) VALUES (100410,1,0,1,10);
INSERT INTO `info_building_item_level` (`ibisn`,`next_level`,`add_buff`,`need_imsn`,`need_price`) VALUES (100410,2,0,1,20);
INSERT INTO `info_building_item_level` (`ibisn`,`next_level`,`add_buff`,`need_imsn`,`need_price`) VALUES (100410,3,0,1,30);
INSERT INTO `info_building_item_level` (`ibisn`,`next_level`,`add_buff`,`need_imsn`,`need_price`) VALUES (100410,4,0,1,40);
INSERT INTO `info_building_item_level` (`ibisn`,`next_level`,`add_buff`,`need_imsn`,`need_price`) VALUES (100410,5,0,1,50);
INSERT INTO `info_building_item_level` (`ibisn`,`next_level`,`add_buff`,`need_imsn`,`need_price`) VALUES (100410,6,0,1,60);
INSERT INTO `info_building_item_level` (`ibisn`,`next_level`,`add_buff`,`need_imsn`,`need_price`) VALUES (100410,7,0,1,70);
INSERT INTO `info_building_item_level` (`ibisn`,`next_level`,`add_buff`,`need_imsn`,`need_price`) VALUES (100410,8,0,1,80);
INSERT INTO `info_building_item_level` (`ibisn`,`next_level`,`add_buff`,`need_imsn`,`need_price`) VALUES (100410,9,0,1,90);
INSERT INTO `info_building_item_level` (`ibisn`,`next_level`,`add_buff`,`need_imsn`,`need_price`) VALUES (100410,10,0,1,100);
INSERT INTO `info_building_item_level` (`ibisn`,`next_level`,`add_buff`,`need_imsn`,`need_price`) VALUES (100410,11,0,1,110);
INSERT INTO `info_building_item_level` (`ibisn`,`next_level`,`add_buff`,`need_imsn`,`need_price`) VALUES (100410,12,0,1,120);
INSERT INTO `info_building_item_level` (`ibisn`,`next_level`,`add_buff`,`need_imsn`,`need_price`) VALUES (100410,13,0,1,130);
INSERT INTO `info_building_item_level` (`ibisn`,`next_level`,`add_buff`,`need_imsn`,`need_price`) VALUES (100410,14,0,1,140);
INSERT INTO `info_building_item_level` (`ibisn`,`next_level`,`add_buff`,`need_imsn`,`need_price`) VALUES (100410,15,0,1,150);
INSERT INTO `info_building_item_level` (`ibisn`,`next_level`,`add_buff`,`need_imsn`,`need_price`) VALUES (100410,16,0,1,160);
INSERT INTO `info_building_item_level` (`ibisn`,`next_level`,`add_buff`,`need_imsn`,`need_price`) VALUES (100410,17,0,1,170);
INSERT INTO `info_building_item_level` (`ibisn`,`next_level`,`add_buff`,`need_imsn`,`need_price`) VALUES (100410,18,0,1,180);
INSERT INTO `info_building_item_level` (`ibisn`,`next_level`,`add_buff`,`need_imsn`,`need_price`) VALUES (100410,19,0,1,190);
INSERT INTO `info_building_item_level` (`ibisn`,`next_level`,`add_buff`,`need_imsn`,`need_price`) VALUES (100410,20,0,1,200);
INSERT INTO `info_building_item_level` (`ibisn`,`next_level`,`add_buff`,`need_imsn`,`need_price`) VALUES (100410,21,0,1,210);
INSERT INTO `info_building_item_level` (`ibisn`,`next_level`,`add_buff`,`need_imsn`,`need_price`) VALUES (100410,22,0,1,220);
INSERT INTO `info_building_item_level` (`ibisn`,`next_level`,`add_buff`,`need_imsn`,`need_price`) VALUES (100410,23,0,1,230);
INSERT INTO `info_building_item_level` (`ibisn`,`next_level`,`add_buff`,`need_imsn`,`need_price`) VALUES (100410,24,0,1,240);
INSERT INTO `info_building_item_level` (`ibisn`,`next_level`,`add_buff`,`need_imsn`,`need_price`) VALUES (100410,25,0,1,250);
INSERT INTO `info_building_item_level` (`ibisn`,`next_level`,`add_buff`,`need_imsn`,`need_price`) VALUES (100410,26,0,1,260);
INSERT INTO `info_building_item_level` (`ibisn`,`next_level`,`add_buff`,`need_imsn`,`need_price`) VALUES (100410,27,0,1,270);
INSERT INTO `info_building_item_level` (`ibisn`,`next_level`,`add_buff`,`need_imsn`,`need_price`) VALUES (100410,28,0,1,280);
INSERT INTO `info_building_item_level` (`ibisn`,`next_level`,`add_buff`,`need_imsn`,`need_price`) VALUES (100410,29,0,1,290);
INSERT INTO `info_building_item_level` (`ibisn`,`next_level`,`add_buff`,`need_imsn`,`need_price`) VALUES (100410,30,0,1,300);
INSERT INTO `info_building_item_level` (`ibisn`,`next_level`,`add_buff`,`need_imsn`,`need_price`) VALUES (100410,31,0,1,310);
INSERT INTO `info_building_item_level` (`ibisn`,`next_level`,`add_buff`,`need_imsn`,`need_price`) VALUES (100410,32,0,1,320);
INSERT INTO `info_building_item_level` (`ibisn`,`next_level`,`add_buff`,`need_imsn`,`need_price`) VALUES (100410,33,0,1,330);
INSERT INTO `info_building_item_level` (`ibisn`,`next_level`,`add_buff`,`need_imsn`,`need_price`) VALUES (100410,34,0,1,340);
INSERT INTO `info_building_item_level` (`ibisn`,`next_level`,`add_buff`,`need_imsn`,`need_price`) VALUES (100410,35,0,1,350);
INSERT INTO `info_building_item_level` (`ibisn`,`next_level`,`add_buff`,`need_imsn`,`need_price`) VALUES (100410,36,0,1,360);
INSERT INTO `info_building_item_level` (`ibisn`,`next_level`,`add_buff`,`need_imsn`,`need_price`) VALUES (100410,37,0,1,370);
INSERT INTO `info_building_item_level` (`ibisn`,`next_level`,`add_buff`,`need_imsn`,`need_price`) VALUES (100410,38,0,1,380);
INSERT INTO `info_building_item_level` (`ibisn`,`next_level`,`add_buff`,`need_imsn`,`need_price`) VALUES (100410,39,0,1,390);
INSERT INTO `info_building_item_level` (`ibisn`,`next_level`,`add_buff`,`need_imsn`,`need_price`) VALUES (100410,40,0,1,400);
INSERT INTO `info_building_item_level` (`ibisn`,`next_level`,`add_buff`,`need_imsn`,`need_price`) VALUES (100410,41,0,1,410);
INSERT INTO `info_building_item_level` (`ibisn`,`next_level`,`add_buff`,`need_imsn`,`need_price`) VALUES (100410,42,0,1,420);
INSERT INTO `info_building_item_level` (`ibisn`,`next_level`,`add_buff`,`need_imsn`,`need_price`) VALUES (100410,43,0,1,430);
INSERT INTO `info_building_item_level` (`ibisn`,`next_level`,`add_buff`,`need_imsn`,`need_price`) VALUES (100410,44,0,1,440);
INSERT INTO `info_building_item_level` (`ibisn`,`next_level`,`add_buff`,`need_imsn`,`need_price`) VALUES (100410,45,0,1,450);
INSERT INTO `info_building_item_level` (`ibisn`,`next_level`,`add_buff`,`need_imsn`,`need_price`) VALUES (100410,46,0,1,460);
INSERT INTO `info_building_item_level` (`ibisn`,`next_level`,`add_buff`,`need_imsn`,`need_price`) VALUES (100410,47,0,1,470);
INSERT INTO `info_building_item_level` (`ibisn`,`next_level`,`add_buff`,`need_imsn`,`need_price`) VALUES (100410,48,0,1,480);
INSERT INTO `info_building_item_level` (`ibisn`,`next_level`,`add_buff`,`need_imsn`,`need_price`) VALUES (100410,49,0,1,490);
INSERT INTO `info_building_item_level` (`ibisn`,`next_level`,`add_buff`,`need_imsn`,`need_price`) VALUES (100410,50,0,1,500);
INSERT INTO `info_building_item_level` (`ibisn`,`next_level`,`add_buff`,`need_imsn`,`need_price`) VALUES (100410,51,0,1,510);
INSERT INTO `info_building_item_level` (`ibisn`,`next_level`,`add_buff`,`need_imsn`,`need_price`) VALUES (100410,52,0,1,520);
INSERT INTO `info_building_item_level` (`ibisn`,`next_level`,`add_buff`,`need_imsn`,`need_price`) VALUES (100410,53,0,1,530);
INSERT INTO `info_building_item_level` (`ibisn`,`next_level`,`add_buff`,`need_imsn`,`need_price`) VALUES (100410,54,0,1,540);
INSERT INTO `info_building_item_level` (`ibisn`,`next_level`,`add_buff`,`need_imsn`,`need_price`) VALUES (100410,55,0,1,550);
INSERT INTO `info_building_item_level` (`ibisn`,`next_level`,`add_buff`,`need_imsn`,`need_price`) VALUES (100410,56,0,1,560);
INSERT INTO `info_building_item_level` (`ibisn`,`next_level`,`add_buff`,`need_imsn`,`need_price`) VALUES (100410,57,0,1,570);
INSERT INTO `info_building_item_level` (`ibisn`,`next_level`,`add_buff`,`need_imsn`,`need_price`) VALUES (100410,58,0,1,580);
INSERT INTO `info_building_item_level` (`ibisn`,`next_level`,`add_buff`,`need_imsn`,`need_price`) VALUES (100410,59,0,1,590);
INSERT INTO `info_building_item_level` (`ibisn`,`next_level`,`add_buff`,`need_imsn`,`need_price`) VALUES (100410,60,0,1,600);
INSERT INTO `info_building_item_level` (`ibisn`,`next_level`,`add_buff`,`need_imsn`,`need_price`) VALUES (100410,61,0,1,610);
INSERT INTO `info_building_item_level` (`ibisn`,`next_level`,`add_buff`,`need_imsn`,`need_price`) VALUES (100410,62,0,1,620);
INSERT INTO `info_building_item_level` (`ibisn`,`next_level`,`add_buff`,`need_imsn`,`need_price`) VALUES (100410,63,0,1,630);
INSERT INTO `info_building_item_level` (`ibisn`,`next_level`,`add_buff`,`need_imsn`,`need_price`) VALUES (100410,64,0,1,640);
INSERT INTO `info_building_item_level` (`ibisn`,`next_level`,`add_buff`,`need_imsn`,`need_price`) VALUES (100410,65,0,1,650);
INSERT INTO `info_building_item_level` (`ibisn`,`next_level`,`add_buff`,`need_imsn`,`need_price`) VALUES (100410,66,0,1,660);
INSERT INTO `info_building_item_level` (`ibisn`,`next_level`,`add_buff`,`need_imsn`,`need_price`) VALUES (100410,67,0,1,670);
INSERT INTO `info_building_item_level` (`ibisn`,`next_level`,`add_buff`,`need_imsn`,`need_price`) VALUES (100410,68,0,1,680);
INSERT INTO `info_building_item_level` (`ibisn`,`next_level`,`add_buff`,`need_imsn`,`need_price`) VALUES (100410,69,0,1,690);
INSERT INTO `info_building_item_level` (`ibisn`,`next_level`,`add_buff`,`need_imsn`,`need_price`) VALUES (100410,70,0,1,700);
INSERT INTO `info_building_item_level` (`ibisn`,`next_level`,`add_buff`,`need_imsn`,`need_price`) VALUES (100410,71,0,1,710);
INSERT INTO `info_building_item_level` (`ibisn`,`next_level`,`add_buff`,`need_imsn`,`need_price`) VALUES (100410,72,0,1,720);
INSERT INTO `info_building_item_level` (`ibisn`,`next_level`,`add_buff`,`need_imsn`,`need_price`) VALUES (100410,73,0,1,730);
INSERT INTO `info_building_item_level` (`ibisn`,`next_level`,`add_buff`,`need_imsn`,`need_price`) VALUES (100410,74,0,1,740);
INSERT INTO `info_building_item_level` (`ibisn`,`next_level`,`add_buff`,`need_imsn`,`need_price`) VALUES (100410,75,0,1,750);
INSERT INTO `info_building_item_level` (`ibisn`,`next_level`,`add_buff`,`need_imsn`,`need_price`) VALUES (100410,76,0,1,760);
INSERT INTO `info_building_item_level` (`ibisn`,`next_level`,`add_buff`,`need_imsn`,`need_price`) VALUES (100410,77,0,1,770);
INSERT INTO `info_building_item_level` (`ibisn`,`next_level`,`add_buff`,`need_imsn`,`need_price`) VALUES (100410,78,0,1,780);
INSERT INTO `info_building_item_level` (`ibisn`,`next_level`,`add_buff`,`need_imsn`,`need_price`) VALUES (100410,79,0,1,790);
INSERT INTO `info_building_item_level` (`ibisn`,`next_level`,`add_buff`,`need_imsn`,`need_price`) VALUES (100410,80,0,1,800);
INSERT INTO `info_building_item_level` (`ibisn`,`next_level`,`add_buff`,`need_imsn`,`need_price`) VALUES (100410,81,0,1,810);
INSERT INTO `info_building_item_level` (`ibisn`,`next_level`,`add_buff`,`need_imsn`,`need_price`) VALUES (100410,82,0,1,820);
INSERT INTO `info_building_item_level` (`ibisn`,`next_level`,`add_buff`,`need_imsn`,`need_price`) VALUES (100410,83,0,1,830);
INSERT INTO `info_building_item_level` (`ibisn`,`next_level`,`add_buff`,`need_imsn`,`need_price`) VALUES (100410,84,0,1,840);
INSERT INTO `info_building_item_level` (`ibisn`,`next_level`,`add_buff`,`need_imsn`,`need_price`) VALUES (100410,85,0,1,850);
INSERT INTO `info_building_item_level` (`ibisn`,`next_level`,`add_buff`,`need_imsn`,`need_price`) VALUES (100410,86,0,1,860);
INSERT INTO `info_building_item_level` (`ibisn`,`next_level`,`add_buff`,`need_imsn`,`need_price`) VALUES (100410,87,0,1,870);
INSERT INTO `info_building_item_level` (`ibisn`,`next_level`,`add_buff`,`need_imsn`,`need_price`) VALUES (100410,88,0,1,880);
INSERT INTO `info_building_item_level` (`ibisn`,`next_level`,`add_buff`,`need_imsn`,`need_price`) VALUES (100410,89,0,1,890);
INSERT INTO `info_building_item_level` (`ibisn`,`next_level`,`add_buff`,`need_imsn`,`need_price`) VALUES (100410,90,0,1,900);
INSERT INTO `info_building_item_level` (`ibisn`,`next_level`,`add_buff`,`need_imsn`,`need_price`) VALUES (100410,91,0,1,910);
INSERT INTO `info_building_item_level` (`ibisn`,`next_level`,`add_buff`,`need_imsn`,`need_price`) VALUES (100410,92,0,1,920);
INSERT INTO `info_building_item_level` (`ibisn`,`next_level`,`add_buff`,`need_imsn`,`need_price`) VALUES (100410,93,0,1,930);
INSERT INTO `info_building_item_level` (`ibisn`,`next_level`,`add_buff`,`need_imsn`,`need_price`) VALUES (100410,94,0,1,940);
INSERT INTO `info_building_item_level` (`ibisn`,`next_level`,`add_buff`,`need_imsn`,`need_price`) VALUES (100410,95,0,1,950);
INSERT INTO `info_building_item_level` (`ibisn`,`next_level`,`add_buff`,`need_imsn`,`need_price`) VALUES (100410,96,0,1,960);
INSERT INTO `info_building_item_level` (`ibisn`,`next_level`,`add_buff`,`need_imsn`,`need_price`) VALUES (100410,97,0,1,970);
INSERT INTO `info_building_item_level` (`ibisn`,`next_level`,`add_buff`,`need_imsn`,`need_price`) VALUES (100410,98,0,1,980);
INSERT INTO `info_building_item_level` (`ibisn`,`next_level`,`add_buff`,`need_imsn`,`need_price`) VALUES (100410,99,0,1,990);
INSERT INTO `info_building_item_level` (`ibisn`,`next_level`,`add_buff`,`need_imsn`,`need_price`) VALUES (100410,100,0,1,1000);
INSERT INTO `info_building_item_level` (`ibisn`,`next_level`,`add_buff`,`need_imsn`,`need_price`) VALUES (100411,1,0,1,10);
INSERT INTO `info_building_item_level` (`ibisn`,`next_level`,`add_buff`,`need_imsn`,`need_price`) VALUES (100411,2,0,1,20);
INSERT INTO `info_building_item_level` (`ibisn`,`next_level`,`add_buff`,`need_imsn`,`need_price`) VALUES (100411,3,0,1,30);
INSERT INTO `info_building_item_level` (`ibisn`,`next_level`,`add_buff`,`need_imsn`,`need_price`) VALUES (100411,4,0,1,40);
INSERT INTO `info_building_item_level` (`ibisn`,`next_level`,`add_buff`,`need_imsn`,`need_price`) VALUES (100411,5,0,1,50);
INSERT INTO `info_building_item_level` (`ibisn`,`next_level`,`add_buff`,`need_imsn`,`need_price`) VALUES (100411,6,0,1,60);
INSERT INTO `info_building_item_level` (`ibisn`,`next_level`,`add_buff`,`need_imsn`,`need_price`) VALUES (100411,7,0,1,70);
INSERT INTO `info_building_item_level` (`ibisn`,`next_level`,`add_buff`,`need_imsn`,`need_price`) VALUES (100411,8,0,1,80);
INSERT INTO `info_building_item_level` (`ibisn`,`next_level`,`add_buff`,`need_imsn`,`need_price`) VALUES (100411,9,0,1,90);
INSERT INTO `info_building_item_level` (`ibisn`,`next_level`,`add_buff`,`need_imsn`,`need_price`) VALUES (100411,10,0,1,100);
INSERT INTO `info_building_item_level` (`ibisn`,`next_level`,`add_buff`,`need_imsn`,`need_price`) VALUES (100411,11,0,1,110);
INSERT INTO `info_building_item_level` (`ibisn`,`next_level`,`add_buff`,`need_imsn`,`need_price`) VALUES (100411,12,0,1,120);
INSERT INTO `info_building_item_level` (`ibisn`,`next_level`,`add_buff`,`need_imsn`,`need_price`) VALUES (100411,13,0,1,130);
INSERT INTO `info_building_item_level` (`ibisn`,`next_level`,`add_buff`,`need_imsn`,`need_price`) VALUES (100411,14,0,1,140);
INSERT INTO `info_building_item_level` (`ibisn`,`next_level`,`add_buff`,`need_imsn`,`need_price`) VALUES (100411,15,0,1,150);
INSERT INTO `info_building_item_level` (`ibisn`,`next_level`,`add_buff`,`need_imsn`,`need_price`) VALUES (100411,16,0,1,160);
INSERT INTO `info_building_item_level` (`ibisn`,`next_level`,`add_buff`,`need_imsn`,`need_price`) VALUES (100411,17,0,1,170);
INSERT INTO `info_building_item_level` (`ibisn`,`next_level`,`add_buff`,`need_imsn`,`need_price`) VALUES (100411,18,0,1,180);
INSERT INTO `info_building_item_level` (`ibisn`,`next_level`,`add_buff`,`need_imsn`,`need_price`) VALUES (100411,19,0,1,190);
INSERT INTO `info_building_item_level` (`ibisn`,`next_level`,`add_buff`,`need_imsn`,`need_price`) VALUES (100411,20,0,1,200);
INSERT INTO `info_building_item_level` (`ibisn`,`next_level`,`add_buff`,`need_imsn`,`need_price`) VALUES (100411,21,0,1,210);
INSERT INTO `info_building_item_level` (`ibisn`,`next_level`,`add_buff`,`need_imsn`,`need_price`) VALUES (100411,22,0,1,220);
INSERT INTO `info_building_item_level` (`ibisn`,`next_level`,`add_buff`,`need_imsn`,`need_price`) VALUES (100411,23,0,1,230);
INSERT INTO `info_building_item_level` (`ibisn`,`next_level`,`add_buff`,`need_imsn`,`need_price`) VALUES (100411,24,0,1,240);
INSERT INTO `info_building_item_level` (`ibisn`,`next_level`,`add_buff`,`need_imsn`,`need_price`) VALUES (100411,25,0,1,250);
INSERT INTO `info_building_item_level` (`ibisn`,`next_level`,`add_buff`,`need_imsn`,`need_price`) VALUES (100411,26,0,1,260);
INSERT INTO `info_building_item_level` (`ibisn`,`next_level`,`add_buff`,`need_imsn`,`need_price`) VALUES (100411,27,0,1,270);
INSERT INTO `info_building_item_level` (`ibisn`,`next_level`,`add_buff`,`need_imsn`,`need_price`) VALUES (100411,28,0,1,280);
INSERT INTO `info_building_item_level` (`ibisn`,`next_level`,`add_buff`,`need_imsn`,`need_price`) VALUES (100411,29,0,1,290);
INSERT INTO `info_building_item_level` (`ibisn`,`next_level`,`add_buff`,`need_imsn`,`need_price`) VALUES (100411,30,0,1,300);
INSERT INTO `info_building_item_level` (`ibisn`,`next_level`,`add_buff`,`need_imsn`,`need_price`) VALUES (100411,31,0,1,310);
INSERT INTO `info_building_item_level` (`ibisn`,`next_level`,`add_buff`,`need_imsn`,`need_price`) VALUES (100411,32,0,1,320);
INSERT INTO `info_building_item_level` (`ibisn`,`next_level`,`add_buff`,`need_imsn`,`need_price`) VALUES (100411,33,0,1,330);
INSERT INTO `info_building_item_level` (`ibisn`,`next_level`,`add_buff`,`need_imsn`,`need_price`) VALUES (100411,34,0,1,340);
INSERT INTO `info_building_item_level` (`ibisn`,`next_level`,`add_buff`,`need_imsn`,`need_price`) VALUES (100411,35,0,1,350);
INSERT INTO `info_building_item_level` (`ibisn`,`next_level`,`add_buff`,`need_imsn`,`need_price`) VALUES (100411,36,0,1,360);
INSERT INTO `info_building_item_level` (`ibisn`,`next_level`,`add_buff`,`need_imsn`,`need_price`) VALUES (100411,37,0,1,370);
INSERT INTO `info_building_item_level` (`ibisn`,`next_level`,`add_buff`,`need_imsn`,`need_price`) VALUES (100411,38,0,1,380);
INSERT INTO `info_building_item_level` (`ibisn`,`next_level`,`add_buff`,`need_imsn`,`need_price`) VALUES (100411,39,0,1,390);
INSERT INTO `info_building_item_level` (`ibisn`,`next_level`,`add_buff`,`need_imsn`,`need_price`) VALUES (100411,40,0,1,400);
INSERT INTO `info_building_item_level` (`ibisn`,`next_level`,`add_buff`,`need_imsn`,`need_price`) VALUES (100411,41,0,1,410);
INSERT INTO `info_building_item_level` (`ibisn`,`next_level`,`add_buff`,`need_imsn`,`need_price`) VALUES (100411,42,0,1,420);
INSERT INTO `info_building_item_level` (`ibisn`,`next_level`,`add_buff`,`need_imsn`,`need_price`) VALUES (100411,43,0,1,430);
INSERT INTO `info_building_item_level` (`ibisn`,`next_level`,`add_buff`,`need_imsn`,`need_price`) VALUES (100411,44,0,1,440);
INSERT INTO `info_building_item_level` (`ibisn`,`next_level`,`add_buff`,`need_imsn`,`need_price`) VALUES (100411,45,0,1,450);
INSERT INTO `info_building_item_level` (`ibisn`,`next_level`,`add_buff`,`need_imsn`,`need_price`) VALUES (100411,46,0,1,460);
INSERT INTO `info_building_item_level` (`ibisn`,`next_level`,`add_buff`,`need_imsn`,`need_price`) VALUES (100411,47,0,1,470);
INSERT INTO `info_building_item_level` (`ibisn`,`next_level`,`add_buff`,`need_imsn`,`need_price`) VALUES (100411,48,0,1,480);
INSERT INTO `info_building_item_level` (`ibisn`,`next_level`,`add_buff`,`need_imsn`,`need_price`) VALUES (100411,49,0,1,490);
INSERT INTO `info_building_item_level` (`ibisn`,`next_level`,`add_buff`,`need_imsn`,`need_price`) VALUES (100411,50,0,1,500);
INSERT INTO `info_building_item_level` (`ibisn`,`next_level`,`add_buff`,`need_imsn`,`need_price`) VALUES (100411,51,0,1,510);
INSERT INTO `info_building_item_level` (`ibisn`,`next_level`,`add_buff`,`need_imsn`,`need_price`) VALUES (100411,52,0,1,520);
INSERT INTO `info_building_item_level` (`ibisn`,`next_level`,`add_buff`,`need_imsn`,`need_price`) VALUES (100411,53,0,1,530);
INSERT INTO `info_building_item_level` (`ibisn`,`next_level`,`add_buff`,`need_imsn`,`need_price`) VALUES (100411,54,0,1,540);
INSERT INTO `info_building_item_level` (`ibisn`,`next_level`,`add_buff`,`need_imsn`,`need_price`) VALUES (100411,55,0,1,550);
INSERT INTO `info_building_item_level` (`ibisn`,`next_level`,`add_buff`,`need_imsn`,`need_price`) VALUES (100411,56,0,1,560);
INSERT INTO `info_building_item_level` (`ibisn`,`next_level`,`add_buff`,`need_imsn`,`need_price`) VALUES (100411,57,0,1,570);
INSERT INTO `info_building_item_level` (`ibisn`,`next_level`,`add_buff`,`need_imsn`,`need_price`) VALUES (100411,58,0,1,580);
INSERT INTO `info_building_item_level` (`ibisn`,`next_level`,`add_buff`,`need_imsn`,`need_price`) VALUES (100411,59,0,1,590);
INSERT INTO `info_building_item_level` (`ibisn`,`next_level`,`add_buff`,`need_imsn`,`need_price`) VALUES (100411,60,0,1,600);
INSERT INTO `info_building_item_level` (`ibisn`,`next_level`,`add_buff`,`need_imsn`,`need_price`) VALUES (100411,61,0,1,610);
INSERT INTO `info_building_item_level` (`ibisn`,`next_level`,`add_buff`,`need_imsn`,`need_price`) VALUES (100411,62,0,1,620);
INSERT INTO `info_building_item_level` (`ibisn`,`next_level`,`add_buff`,`need_imsn`,`need_price`) VALUES (100411,63,0,1,630);
INSERT INTO `info_building_item_level` (`ibisn`,`next_level`,`add_buff`,`need_imsn`,`need_price`) VALUES (100411,64,0,1,640);
INSERT INTO `info_building_item_level` (`ibisn`,`next_level`,`add_buff`,`need_imsn`,`need_price`) VALUES (100411,65,0,1,650);
INSERT INTO `info_building_item_level` (`ibisn`,`next_level`,`add_buff`,`need_imsn`,`need_price`) VALUES (100411,66,0,1,660);
INSERT INTO `info_building_item_level` (`ibisn`,`next_level`,`add_buff`,`need_imsn`,`need_price`) VALUES (100411,67,0,1,670);
INSERT INTO `info_building_item_level` (`ibisn`,`next_level`,`add_buff`,`need_imsn`,`need_price`) VALUES (100411,68,0,1,680);
INSERT INTO `info_building_item_level` (`ibisn`,`next_level`,`add_buff`,`need_imsn`,`need_price`) VALUES (100411,69,0,1,690);
INSERT INTO `info_building_item_level` (`ibisn`,`next_level`,`add_buff`,`need_imsn`,`need_price`) VALUES (100411,70,0,1,700);
INSERT INTO `info_building_item_level` (`ibisn`,`next_level`,`add_buff`,`need_imsn`,`need_price`) VALUES (100411,71,0,1,710);
INSERT INTO `info_building_item_level` (`ibisn`,`next_level`,`add_buff`,`need_imsn`,`need_price`) VALUES (100411,72,0,1,720);
INSERT INTO `info_building_item_level` (`ibisn`,`next_level`,`add_buff`,`need_imsn`,`need_price`) VALUES (100411,73,0,1,730);
INSERT INTO `info_building_item_level` (`ibisn`,`next_level`,`add_buff`,`need_imsn`,`need_price`) VALUES (100411,74,0,1,740);
INSERT INTO `info_building_item_level` (`ibisn`,`next_level`,`add_buff`,`need_imsn`,`need_price`) VALUES (100411,75,0,1,750);
INSERT INTO `info_building_item_level` (`ibisn`,`next_level`,`add_buff`,`need_imsn`,`need_price`) VALUES (100411,76,0,1,760);
INSERT INTO `info_building_item_level` (`ibisn`,`next_level`,`add_buff`,`need_imsn`,`need_price`) VALUES (100411,77,0,1,770);
INSERT INTO `info_building_item_level` (`ibisn`,`next_level`,`add_buff`,`need_imsn`,`need_price`) VALUES (100411,78,0,1,780);
INSERT INTO `info_building_item_level` (`ibisn`,`next_level`,`add_buff`,`need_imsn`,`need_price`) VALUES (100411,79,0,1,790);
INSERT INTO `info_building_item_level` (`ibisn`,`next_level`,`add_buff`,`need_imsn`,`need_price`) VALUES (100411,80,0,1,800);
INSERT INTO `info_building_item_level` (`ibisn`,`next_level`,`add_buff`,`need_imsn`,`need_price`) VALUES (100411,81,0,1,810);
INSERT INTO `info_building_item_level` (`ibisn`,`next_level`,`add_buff`,`need_imsn`,`need_price`) VALUES (100411,82,0,1,820);
INSERT INTO `info_building_item_level` (`ibisn`,`next_level`,`add_buff`,`need_imsn`,`need_price`) VALUES (100411,83,0,1,830);
INSERT INTO `info_building_item_level` (`ibisn`,`next_level`,`add_buff`,`need_imsn`,`need_price`) VALUES (100411,84,0,1,840);
INSERT INTO `info_building_item_level` (`ibisn`,`next_level`,`add_buff`,`need_imsn`,`need_price`) VALUES (100411,85,0,1,850);
INSERT INTO `info_building_item_level` (`ibisn`,`next_level`,`add_buff`,`need_imsn`,`need_price`) VALUES (100411,86,0,1,860);
INSERT INTO `info_building_item_level` (`ibisn`,`next_level`,`add_buff`,`need_imsn`,`need_price`) VALUES (100411,87,0,1,870);
INSERT INTO `info_building_item_level` (`ibisn`,`next_level`,`add_buff`,`need_imsn`,`need_price`) VALUES (100411,88,0,1,880);
INSERT INTO `info_building_item_level` (`ibisn`,`next_level`,`add_buff`,`need_imsn`,`need_price`) VALUES (100411,89,0,1,890);
INSERT INTO `info_building_item_level` (`ibisn`,`next_level`,`add_buff`,`need_imsn`,`need_price`) VALUES (100411,90,0,1,900);
INSERT INTO `info_building_item_level` (`ibisn`,`next_level`,`add_buff`,`need_imsn`,`need_price`) VALUES (100411,91,0,1,910);
INSERT INTO `info_building_item_level` (`ibisn`,`next_level`,`add_buff`,`need_imsn`,`need_price`) VALUES (100411,92,0,1,920);
INSERT INTO `info_building_item_level` (`ibisn`,`next_level`,`add_buff`,`need_imsn`,`need_price`) VALUES (100411,93,0,1,930);
INSERT INTO `info_building_item_level` (`ibisn`,`next_level`,`add_buff`,`need_imsn`,`need_price`) VALUES (100411,94,0,1,940);
INSERT INTO `info_building_item_level` (`ibisn`,`next_level`,`add_buff`,`need_imsn`,`need_price`) VALUES (100411,95,0,1,950);
INSERT INTO `info_building_item_level` (`ibisn`,`next_level`,`add_buff`,`need_imsn`,`need_price`) VALUES (100411,96,0,1,960);
INSERT INTO `info_building_item_level` (`ibisn`,`next_level`,`add_buff`,`need_imsn`,`need_price`) VALUES (100411,97,0,1,970);
INSERT INTO `info_building_item_level` (`ibisn`,`next_level`,`add_buff`,`need_imsn`,`need_price`) VALUES (100411,98,0,1,980);
INSERT INTO `info_building_item_level` (`ibisn`,`next_level`,`add_buff`,`need_imsn`,`need_price`) VALUES (100411,99,0,1,990);
INSERT INTO `info_building_item_level` (`ibisn`,`next_level`,`add_buff`,`need_imsn`,`need_price`) VALUES (100411,100,0,1,1000);
INSERT INTO `info_building_item_level` (`ibisn`,`next_level`,`add_buff`,`need_imsn`,`need_price`) VALUES (100412,1,0,1,10);
INSERT INTO `info_building_item_level` (`ibisn`,`next_level`,`add_buff`,`need_imsn`,`need_price`) VALUES (100412,2,0,1,20);
INSERT INTO `info_building_item_level` (`ibisn`,`next_level`,`add_buff`,`need_imsn`,`need_price`) VALUES (100412,3,0,1,30);
INSERT INTO `info_building_item_level` (`ibisn`,`next_level`,`add_buff`,`need_imsn`,`need_price`) VALUES (100412,4,0,1,40);
INSERT INTO `info_building_item_level` (`ibisn`,`next_level`,`add_buff`,`need_imsn`,`need_price`) VALUES (100412,5,0,1,50);
INSERT INTO `info_building_item_level` (`ibisn`,`next_level`,`add_buff`,`need_imsn`,`need_price`) VALUES (100412,6,0,1,60);
INSERT INTO `info_building_item_level` (`ibisn`,`next_level`,`add_buff`,`need_imsn`,`need_price`) VALUES (100412,7,0,1,70);
INSERT INTO `info_building_item_level` (`ibisn`,`next_level`,`add_buff`,`need_imsn`,`need_price`) VALUES (100412,8,0,1,80);
INSERT INTO `info_building_item_level` (`ibisn`,`next_level`,`add_buff`,`need_imsn`,`need_price`) VALUES (100412,9,0,1,90);
INSERT INTO `info_building_item_level` (`ibisn`,`next_level`,`add_buff`,`need_imsn`,`need_price`) VALUES (100412,10,0,1,100);
INSERT INTO `info_building_item_level` (`ibisn`,`next_level`,`add_buff`,`need_imsn`,`need_price`) VALUES (100412,11,0,1,110);
INSERT INTO `info_building_item_level` (`ibisn`,`next_level`,`add_buff`,`need_imsn`,`need_price`) VALUES (100412,12,0,1,120);
INSERT INTO `info_building_item_level` (`ibisn`,`next_level`,`add_buff`,`need_imsn`,`need_price`) VALUES (100412,13,0,1,130);
INSERT INTO `info_building_item_level` (`ibisn`,`next_level`,`add_buff`,`need_imsn`,`need_price`) VALUES (100412,14,0,1,140);
INSERT INTO `info_building_item_level` (`ibisn`,`next_level`,`add_buff`,`need_imsn`,`need_price`) VALUES (100412,15,0,1,150);
INSERT INTO `info_building_item_level` (`ibisn`,`next_level`,`add_buff`,`need_imsn`,`need_price`) VALUES (100412,16,0,1,160);
INSERT INTO `info_building_item_level` (`ibisn`,`next_level`,`add_buff`,`need_imsn`,`need_price`) VALUES (100412,17,0,1,170);
INSERT INTO `info_building_item_level` (`ibisn`,`next_level`,`add_buff`,`need_imsn`,`need_price`) VALUES (100412,18,0,1,180);
INSERT INTO `info_building_item_level` (`ibisn`,`next_level`,`add_buff`,`need_imsn`,`need_price`) VALUES (100412,19,0,1,190);
INSERT INTO `info_building_item_level` (`ibisn`,`next_level`,`add_buff`,`need_imsn`,`need_price`) VALUES (100412,20,0,1,200);
INSERT INTO `info_building_item_level` (`ibisn`,`next_level`,`add_buff`,`need_imsn`,`need_price`) VALUES (100412,21,0,1,210);
INSERT INTO `info_building_item_level` (`ibisn`,`next_level`,`add_buff`,`need_imsn`,`need_price`) VALUES (100412,22,0,1,220);
INSERT INTO `info_building_item_level` (`ibisn`,`next_level`,`add_buff`,`need_imsn`,`need_price`) VALUES (100412,23,0,1,230);
INSERT INTO `info_building_item_level` (`ibisn`,`next_level`,`add_buff`,`need_imsn`,`need_price`) VALUES (100412,24,0,1,240);
INSERT INTO `info_building_item_level` (`ibisn`,`next_level`,`add_buff`,`need_imsn`,`need_price`) VALUES (100412,25,0,1,250);
INSERT INTO `info_building_item_level` (`ibisn`,`next_level`,`add_buff`,`need_imsn`,`need_price`) VALUES (100412,26,0,1,260);
INSERT INTO `info_building_item_level` (`ibisn`,`next_level`,`add_buff`,`need_imsn`,`need_price`) VALUES (100412,27,0,1,270);
INSERT INTO `info_building_item_level` (`ibisn`,`next_level`,`add_buff`,`need_imsn`,`need_price`) VALUES (100412,28,0,1,280);
INSERT INTO `info_building_item_level` (`ibisn`,`next_level`,`add_buff`,`need_imsn`,`need_price`) VALUES (100412,29,0,1,290);
INSERT INTO `info_building_item_level` (`ibisn`,`next_level`,`add_buff`,`need_imsn`,`need_price`) VALUES (100412,30,0,1,300);
INSERT INTO `info_building_item_level` (`ibisn`,`next_level`,`add_buff`,`need_imsn`,`need_price`) VALUES (100412,31,0,1,310);
INSERT INTO `info_building_item_level` (`ibisn`,`next_level`,`add_buff`,`need_imsn`,`need_price`) VALUES (100412,32,0,1,320);
INSERT INTO `info_building_item_level` (`ibisn`,`next_level`,`add_buff`,`need_imsn`,`need_price`) VALUES (100412,33,0,1,330);
INSERT INTO `info_building_item_level` (`ibisn`,`next_level`,`add_buff`,`need_imsn`,`need_price`) VALUES (100412,34,0,1,340);
INSERT INTO `info_building_item_level` (`ibisn`,`next_level`,`add_buff`,`need_imsn`,`need_price`) VALUES (100412,35,0,1,350);
INSERT INTO `info_building_item_level` (`ibisn`,`next_level`,`add_buff`,`need_imsn`,`need_price`) VALUES (100412,36,0,1,360);
INSERT INTO `info_building_item_level` (`ibisn`,`next_level`,`add_buff`,`need_imsn`,`need_price`) VALUES (100412,37,0,1,370);
INSERT INTO `info_building_item_level` (`ibisn`,`next_level`,`add_buff`,`need_imsn`,`need_price`) VALUES (100412,38,0,1,380);
INSERT INTO `info_building_item_level` (`ibisn`,`next_level`,`add_buff`,`need_imsn`,`need_price`) VALUES (100412,39,0,1,390);
INSERT INTO `info_building_item_level` (`ibisn`,`next_level`,`add_buff`,`need_imsn`,`need_price`) VALUES (100412,40,0,1,400);
INSERT INTO `info_building_item_level` (`ibisn`,`next_level`,`add_buff`,`need_imsn`,`need_price`) VALUES (100412,41,0,1,410);
INSERT INTO `info_building_item_level` (`ibisn`,`next_level`,`add_buff`,`need_imsn`,`need_price`) VALUES (100412,42,0,1,420);
INSERT INTO `info_building_item_level` (`ibisn`,`next_level`,`add_buff`,`need_imsn`,`need_price`) VALUES (100412,43,0,1,430);
INSERT INTO `info_building_item_level` (`ibisn`,`next_level`,`add_buff`,`need_imsn`,`need_price`) VALUES (100412,44,0,1,440);
INSERT INTO `info_building_item_level` (`ibisn`,`next_level`,`add_buff`,`need_imsn`,`need_price`) VALUES (100412,45,0,1,450);
INSERT INTO `info_building_item_level` (`ibisn`,`next_level`,`add_buff`,`need_imsn`,`need_price`) VALUES (100412,46,0,1,460);
INSERT INTO `info_building_item_level` (`ibisn`,`next_level`,`add_buff`,`need_imsn`,`need_price`) VALUES (100412,47,0,1,470);
INSERT INTO `info_building_item_level` (`ibisn`,`next_level`,`add_buff`,`need_imsn`,`need_price`) VALUES (100412,48,0,1,480);
INSERT INTO `info_building_item_level` (`ibisn`,`next_level`,`add_buff`,`need_imsn`,`need_price`) VALUES (100412,49,0,1,490);
INSERT INTO `info_building_item_level` (`ibisn`,`next_level`,`add_buff`,`need_imsn`,`need_price`) VALUES (100412,50,0,1,500);
INSERT INTO `info_building_item_level` (`ibisn`,`next_level`,`add_buff`,`need_imsn`,`need_price`) VALUES (100412,51,0,1,510);
INSERT INTO `info_building_item_level` (`ibisn`,`next_level`,`add_buff`,`need_imsn`,`need_price`) VALUES (100412,52,0,1,520);
INSERT INTO `info_building_item_level` (`ibisn`,`next_level`,`add_buff`,`need_imsn`,`need_price`) VALUES (100412,53,0,1,530);
INSERT INTO `info_building_item_level` (`ibisn`,`next_level`,`add_buff`,`need_imsn`,`need_price`) VALUES (100412,54,0,1,540);
INSERT INTO `info_building_item_level` (`ibisn`,`next_level`,`add_buff`,`need_imsn`,`need_price`) VALUES (100412,55,0,1,550);
INSERT INTO `info_building_item_level` (`ibisn`,`next_level`,`add_buff`,`need_imsn`,`need_price`) VALUES (100412,56,0,1,560);
INSERT INTO `info_building_item_level` (`ibisn`,`next_level`,`add_buff`,`need_imsn`,`need_price`) VALUES (100412,57,0,1,570);
INSERT INTO `info_building_item_level` (`ibisn`,`next_level`,`add_buff`,`need_imsn`,`need_price`) VALUES (100412,58,0,1,580);
INSERT INTO `info_building_item_level` (`ibisn`,`next_level`,`add_buff`,`need_imsn`,`need_price`) VALUES (100412,59,0,1,590);
INSERT INTO `info_building_item_level` (`ibisn`,`next_level`,`add_buff`,`need_imsn`,`need_price`) VALUES (100412,60,0,1,600);
INSERT INTO `info_building_item_level` (`ibisn`,`next_level`,`add_buff`,`need_imsn`,`need_price`) VALUES (100412,61,0,1,610);
INSERT INTO `info_building_item_level` (`ibisn`,`next_level`,`add_buff`,`need_imsn`,`need_price`) VALUES (100412,62,0,1,620);
INSERT INTO `info_building_item_level` (`ibisn`,`next_level`,`add_buff`,`need_imsn`,`need_price`) VALUES (100412,63,0,1,630);
INSERT INTO `info_building_item_level` (`ibisn`,`next_level`,`add_buff`,`need_imsn`,`need_price`) VALUES (100412,64,0,1,640);
INSERT INTO `info_building_item_level` (`ibisn`,`next_level`,`add_buff`,`need_imsn`,`need_price`) VALUES (100412,65,0,1,650);
INSERT INTO `info_building_item_level` (`ibisn`,`next_level`,`add_buff`,`need_imsn`,`need_price`) VALUES (100412,66,0,1,660);
INSERT INTO `info_building_item_level` (`ibisn`,`next_level`,`add_buff`,`need_imsn`,`need_price`) VALUES (100412,67,0,1,670);
INSERT INTO `info_building_item_level` (`ibisn`,`next_level`,`add_buff`,`need_imsn`,`need_price`) VALUES (100412,68,0,1,680);
INSERT INTO `info_building_item_level` (`ibisn`,`next_level`,`add_buff`,`need_imsn`,`need_price`) VALUES (100412,69,0,1,690);
INSERT INTO `info_building_item_level` (`ibisn`,`next_level`,`add_buff`,`need_imsn`,`need_price`) VALUES (100412,70,0,1,700);
INSERT INTO `info_building_item_level` (`ibisn`,`next_level`,`add_buff`,`need_imsn`,`need_price`) VALUES (100412,71,0,1,710);
INSERT INTO `info_building_item_level` (`ibisn`,`next_level`,`add_buff`,`need_imsn`,`need_price`) VALUES (100412,72,0,1,720);
INSERT INTO `info_building_item_level` (`ibisn`,`next_level`,`add_buff`,`need_imsn`,`need_price`) VALUES (100412,73,0,1,730);
INSERT INTO `info_building_item_level` (`ibisn`,`next_level`,`add_buff`,`need_imsn`,`need_price`) VALUES (100412,74,0,1,740);
INSERT INTO `info_building_item_level` (`ibisn`,`next_level`,`add_buff`,`need_imsn`,`need_price`) VALUES (100412,75,0,1,750);
INSERT INTO `info_building_item_level` (`ibisn`,`next_level`,`add_buff`,`need_imsn`,`need_price`) VALUES (100412,76,0,1,760);
INSERT INTO `info_building_item_level` (`ibisn`,`next_level`,`add_buff`,`need_imsn`,`need_price`) VALUES (100412,77,0,1,770);
INSERT INTO `info_building_item_level` (`ibisn`,`next_level`,`add_buff`,`need_imsn`,`need_price`) VALUES (100412,78,0,1,780);
INSERT INTO `info_building_item_level` (`ibisn`,`next_level`,`add_buff`,`need_imsn`,`need_price`) VALUES (100412,79,0,1,790);
INSERT INTO `info_building_item_level` (`ibisn`,`next_level`,`add_buff`,`need_imsn`,`need_price`) VALUES (100412,80,0,1,800);
INSERT INTO `info_building_item_level` (`ibisn`,`next_level`,`add_buff`,`need_imsn`,`need_price`) VALUES (100412,81,0,1,810);
INSERT INTO `info_building_item_level` (`ibisn`,`next_level`,`add_buff`,`need_imsn`,`need_price`) VALUES (100412,82,0,1,820);
INSERT INTO `info_building_item_level` (`ibisn`,`next_level`,`add_buff`,`need_imsn`,`need_price`) VALUES (100412,83,0,1,830);
INSERT INTO `info_building_item_level` (`ibisn`,`next_level`,`add_buff`,`need_imsn`,`need_price`) VALUES (100412,84,0,1,840);
INSERT INTO `info_building_item_level` (`ibisn`,`next_level`,`add_buff`,`need_imsn`,`need_price`) VALUES (100412,85,0,1,850);
INSERT INTO `info_building_item_level` (`ibisn`,`next_level`,`add_buff`,`need_imsn`,`need_price`) VALUES (100412,86,0,1,860);
INSERT INTO `info_building_item_level` (`ibisn`,`next_level`,`add_buff`,`need_imsn`,`need_price`) VALUES (100412,87,0,1,870);
INSERT INTO `info_building_item_level` (`ibisn`,`next_level`,`add_buff`,`need_imsn`,`need_price`) VALUES (100412,88,0,1,880);
INSERT INTO `info_building_item_level` (`ibisn`,`next_level`,`add_buff`,`need_imsn`,`need_price`) VALUES (100412,89,0,1,890);
INSERT INTO `info_building_item_level` (`ibisn`,`next_level`,`add_buff`,`need_imsn`,`need_price`) VALUES (100412,90,0,1,900);
INSERT INTO `info_building_item_level` (`ibisn`,`next_level`,`add_buff`,`need_imsn`,`need_price`) VALUES (100412,91,0,1,910);
INSERT INTO `info_building_item_level` (`ibisn`,`next_level`,`add_buff`,`need_imsn`,`need_price`) VALUES (100412,92,0,1,920);
INSERT INTO `info_building_item_level` (`ibisn`,`next_level`,`add_buff`,`need_imsn`,`need_price`) VALUES (100412,93,0,1,930);
INSERT INTO `info_building_item_level` (`ibisn`,`next_level`,`add_buff`,`need_imsn`,`need_price`) VALUES (100412,94,0,1,940);
INSERT INTO `info_building_item_level` (`ibisn`,`next_level`,`add_buff`,`need_imsn`,`need_price`) VALUES (100412,95,0,1,950);
INSERT INTO `info_building_item_level` (`ibisn`,`next_level`,`add_buff`,`need_imsn`,`need_price`) VALUES (100412,96,0,1,960);
INSERT INTO `info_building_item_level` (`ibisn`,`next_level`,`add_buff`,`need_imsn`,`need_price`) VALUES (100412,97,0,1,970);
INSERT INTO `info_building_item_level` (`ibisn`,`next_level`,`add_buff`,`need_imsn`,`need_price`) VALUES (100412,98,0,1,980);
INSERT INTO `info_building_item_level` (`ibisn`,`next_level`,`add_buff`,`need_imsn`,`need_price`) VALUES (100412,99,0,1,990);
INSERT INTO `info_building_item_level` (`ibisn`,`next_level`,`add_buff`,`need_imsn`,`need_price`) VALUES (100412,100,0,1,1000);

-- InfoBuilding.xlsx / info_building_manager
DELETE FROM `info_building_manager`;
INSERT INTO `info_building_manager` (`ibmsn`,`ibsn`,`icsn`,`title`,`description`,`thumbnail`,`buffcode`,`buffvalue`,`rarity`,`imsn`,`price`) VALUES (1,1001,1,'사랑 세포','점장 사랑 세포','MANAGER_1','ADDMONEY',20,0,1,0);
INSERT INTO `info_building_manager` (`ibmsn`,`ibsn`,`icsn`,`title`,`description`,`thumbnail`,`buffcode`,`buffvalue`,`rarity`,`imsn`,`price`) VALUES (2,1002,2,'말썽 세포','점장 말썽 세포','MANAGER_2','ADDMONEY',20,0,1,0);
INSERT INTO `info_building_manager` (`ibmsn`,`ibsn`,`icsn`,`title`,`description`,`thumbnail`,`buffcode`,`buffvalue`,`rarity`,`imsn`,`price`) VALUES (3,1003,3,'감정 세포','점장 감정 세포','MANAGER_3','ADDMONEY',20,0,1,0);
INSERT INTO `info_building_manager` (`ibmsn`,`ibsn`,`icsn`,`title`,`description`,`thumbnail`,`buffcode`,`buffvalue`,`rarity`,`imsn`,`price`) VALUES (4,1004,4,'불안 세포','점장 이성 세포','MANAGER_4','ADDMONEY',20,0,1,0);

-- InfoBuilding.xlsx / info_building_manager_level
DELETE FROM `info_building_manager_level`;
INSERT INTO `info_building_manager_level` (`ibmsn`,`next_level`,`add_buff`,`need_imsn_1`,`need_price_1`,`need_imsn_2`,`need_price_2`) VALUES (1,1,0,1,10,2,10);
INSERT INTO `info_building_manager_level` (`ibmsn`,`next_level`,`add_buff`,`need_imsn_1`,`need_price_1`,`need_imsn_2`,`need_price_2`) VALUES (1,2,110,1,20,2,20);
INSERT INTO `info_building_manager_level` (`ibmsn`,`next_level`,`add_buff`,`need_imsn_1`,`need_price_1`,`need_imsn_2`,`need_price_2`) VALUES (1,3,120,1,30,2,30);
INSERT INTO `info_building_manager_level` (`ibmsn`,`next_level`,`add_buff`,`need_imsn_1`,`need_price_1`,`need_imsn_2`,`need_price_2`) VALUES (1,4,130,1,40,2,40);
INSERT INTO `info_building_manager_level` (`ibmsn`,`next_level`,`add_buff`,`need_imsn_1`,`need_price_1`,`need_imsn_2`,`need_price_2`) VALUES (1,5,140,1,50,2,50);

-- InfoCard.xlsx / info_card_base
DELETE FROM `info_card_base`;
INSERT INTO `info_card_base` (`icbsn`,`title`,`description`,`thumbnail`) VALUES (1,'사랑 세포 카드 1','사랑의 세포 베스트 샷','THUMBNAIL1');
INSERT INTO `info_card_base` (`icbsn`,`title`,`description`,`thumbnail`) VALUES (2,'사랑 세포 카드 2','사랑의 세포 베스트 샷','THUMBNAIL2');
INSERT INTO `info_card_base` (`icbsn`,`title`,`description`,`thumbnail`) VALUES (3,'사랑 세포 카드 3','사랑의 세포 베스트 샷','THUMBNAIL3');
INSERT INTO `info_card_base` (`icbsn`,`title`,`description`,`thumbnail`) VALUES (4,'사랑 세포 카드 4','사랑의 세포 베스트 샷','THUMBNAIL4');
INSERT INTO `info_card_base` (`icbsn`,`title`,`description`,`thumbnail`) VALUES (5,'사랑 세포 카드 5','사랑의 세포 베스트 샷','THUMBNAIL5');
INSERT INTO `info_card_base` (`icbsn`,`title`,`description`,`thumbnail`) VALUES (6,'사랑 세포 카드 6','사랑의 세포 베스트 샷','THUMBNAIL6');

-- InfoCard.xlsx / info_card_index
DELETE FROM `info_card_index`;
INSERT INTO `info_card_index` (`icisn`,`title`,`description`,`thumbnail`) VALUES (1,'인덱스 노랑','노랑 인덱스입니다.','THUMBNAIL1');
INSERT INTO `info_card_index` (`icisn`,`title`,`description`,`thumbnail`) VALUES (2,'인덱스 파랑','파랑 인덱스입니다.','THUMBNAIL2');
INSERT INTO `info_card_index` (`icisn`,`title`,`description`,`thumbnail`) VALUES (3,'인덱스 빨강','빨강 인덱스입니다.','THUMBNAIL3');

-- InfoCard.xlsx / info_card_topholder
DELETE FROM `info_card_topholder`;
INSERT INTO `info_card_topholder` (`ictsn`,`title`,`description`,`thumbnail`) VALUES (1,'투명 탑홀더1','투명 탑홀더입니다.','THUMBNAIL1');
INSERT INTO `info_card_topholder` (`ictsn`,`title`,`description`,`thumbnail`) VALUES (2,'투명 탑홀더2','투명 탑홀더입니다.','THUMBNAIL2');
INSERT INTO `info_card_topholder` (`ictsn`,`title`,`description`,`thumbnail`) VALUES (3,'투명 탑홀더3','투명 탑홀더입니다.','THUMBNAIL3');

-- InfoCard.xlsx / info_card_sleeve
DELETE FROM `info_card_sleeve`;
INSERT INTO `info_card_sleeve` (`icssn`,`title`,`description`,`thumbnail`) VALUES (1,'투명 슬리브1','투명 슬리브입니다.','THUMBNAIL1');
INSERT INTO `info_card_sleeve` (`icssn`,`title`,`description`,`thumbnail`) VALUES (2,'투명 슬리브2','투명 슬리브입니다.','THUMBNAIL2');
INSERT INTO `info_card_sleeve` (`icssn`,`title`,`description`,`thumbnail`) VALUES (3,'투명 슬리브3','투명 슬리브입니다.','THUMBNAIL3');

-- InfoCard.xlsx / info_sticker
DELETE FROM `info_sticker`;
INSERT INTO `info_sticker` (`issn`,`title`,`description`,`thumbnail`) VALUES (1,'기본스티커1','기본 스티커입니다.','THUMBNAIL1');
INSERT INTO `info_sticker` (`issn`,`title`,`description`,`thumbnail`) VALUES (2,'기본스티커2','기본 스티커입니다.','THUMBNAIL2');
INSERT INTO `info_sticker` (`issn`,`title`,`description`,`thumbnail`) VALUES (3,'기본스티커3','기본 스티커입니다.','THUMBNAIL3');

-- InfoCashItem.xlsx / info_cash_item
DELETE FROM `info_cash_item`;
INSERT INTO `info_cash_item` (`icisn`,`cash_itemtype`,`title`,`description`,`thumbnail`,`code`,`ios_product_id`,`aos_product_id`) VALUES (1,1,'1000 캐시충전','캐시 1000 충전합니다.',NULL,'CASHCHARGE_1000','com.nwaple.springtime.cashcharge_1000','com.nwaple.springtime.cashcharge_1000');
INSERT INTO `info_cash_item` (`icisn`,`cash_itemtype`,`title`,`description`,`thumbnail`,`code`,`ios_product_id`,`aos_product_id`) VALUES (2,2,'광고제거(30일)','광고제거 아이템입니다.',NULL,'REMOVEAD_30','com.nwaple.springtime.removead_30','com.nwaple.springtime.removead_30');
INSERT INTO `info_cash_item` (`icisn`,`cash_itemtype`,`title`,`description`,`thumbnail`,`code`,`ios_product_id`,`aos_product_id`) VALUES (3,3,'패키지1','패키지 아이템입니다.',NULL,'PACKAGE_1','com.nwaple.springtime.package_1','com.nwaple.springtime.package_1');

-- InfoCashItem.xlsx / info_cash_itemtype
DELETE FROM `info_cash_itemtype`;
INSERT INTO `info_cash_itemtype` (`cash_itemtype`,`title`,`cash_itemtype_code`) VALUES (1,'캐쉬충전','ITEMTYPE_CASHCHARGE');
INSERT INTO `info_cash_itemtype` (`cash_itemtype`,`title`,`cash_itemtype_code`) VALUES (2,'광고제거','ITEMTYPE_REMOVEAD');
INSERT INTO `info_cash_itemtype` (`cash_itemtype`,`title`,`cash_itemtype_code`) VALUES (3,'패키지상품','ITEMTYPE_PACKAGE');

-- InfoCategory.xlsx / info_category
DELETE FROM `info_category`;
INSERT INTO `info_category` (`category`,`title`) VALUES ('ITEM','일반아이템');
INSERT INTO `info_category` (`category`,`title`) VALUES ('SPACE_ITEM','배치아이템');
INSERT INTO `info_category` (`category`,`title`) VALUES ('CASH_ITEM','캐쉬아이템');
INSERT INTO `info_category` (`category`,`title`) VALUES ('CELL','세포');
INSERT INTO `info_category` (`category`,`title`) VALUES ('MONEY','재화');

-- InfoCell.xlsx / info_cell
DELETE FROM `info_cell`;
INSERT INTO `info_cell` (`icsn`,`title`,`description`,`code`) VALUES (1,'사랑 세포','사랑세포입니다.','CellBuildingStaffLove');
INSERT INTO `info_cell` (`icsn`,`title`,`description`,`code`) VALUES (2,'말썽 세포','말썽 세포입니다.','CellBuildingStaffNaughty');
INSERT INTO `info_cell` (`icsn`,`title`,`description`,`code`) VALUES (3,'감정 세포','감정 세포입니다.','CellBuildingStaffEmotion');
INSERT INTO `info_cell` (`icsn`,`title`,`description`,`code`) VALUES (4,'불안 세포','불안 세포입니다.','CellBuildingStaffAnxious');
INSERT INTO `info_cell` (`icsn`,`title`,`description`,`code`) VALUES (5,'사랑 세포5','유미 사랑세포입니다.','CELL_LOVE5');
INSERT INTO `info_cell` (`icsn`,`title`,`description`,`code`) VALUES (6,'사랑 세포5','유미 사랑세포입니다.','CELL_LOVE6');

-- InfoCell.xlsx / info_welcome_cell
DELETE FROM `info_welcome_cell`;

-- InfoGacha.xlsx / info_gacha
DELETE FROM `info_gacha`;
INSERT INTO `info_gacha` (`igsn`,`gachatype`,`title`,`description`,`thumbnail`,`imsn`,`price`,`display_order`) VALUES (1,1,'기본 가챠','기본 가챠입니다.',NULL,1,1000,1);
INSERT INTO `info_gacha` (`igsn`,`gachatype`,`title`,`description`,`thumbnail`,`imsn`,`price`,`display_order`) VALUES (2,2,'고급 가챠','고급 가챠입니다.',NULL,2,1000,2);

-- InfoGacha.xlsx / info_gachatype
DELETE FROM `info_gachatype`;
INSERT INTO `info_gachatype` (`gachatype`,`title`) VALUES (1,'아이템 가챠');
INSERT INTO `info_gachatype` (`gachatype`,`title`) VALUES (2,'배치아이템 가챠');
INSERT INTO `info_gachatype` (`gachatype`,`title`) VALUES (3,'세포 가챠');

-- InfoGacha.xlsx / info_gacha_item
DELETE FROM `info_gacha_item`;
INSERT INTO `info_gacha_item` (`igisn`,`igsn`,`category`,`gift_sn`,`gift_count`,`ratio`) VALUES (1,1,'ITEM',1,1,250);
INSERT INTO `info_gacha_item` (`igisn`,`igsn`,`category`,`gift_sn`,`gift_count`,`ratio`) VALUES (2,1,'ITEM',2,1,250);
INSERT INTO `info_gacha_item` (`igisn`,`igsn`,`category`,`gift_sn`,`gift_count`,`ratio`) VALUES (3,1,'SPACE_ITEM',1,1,250);
INSERT INTO `info_gacha_item` (`igisn`,`igsn`,`category`,`gift_sn`,`gift_count`,`ratio`) VALUES (4,1,'SPACE_ITEM',2,1,250);
INSERT INTO `info_gacha_item` (`igisn`,`igsn`,`category`,`gift_sn`,`gift_count`,`ratio`) VALUES (5,2,'ITEM',1,1,1000);

-- InfoGame.xlsx / info_game
DELETE FROM `info_game`;
INSERT INTO `info_game` (`config_name`,`config_value`) VALUES ('INITIAL_BILL',10000);
INSERT INTO `info_game` (`config_name`,`config_value`) VALUES ('INITIAL_GEM',0);
INSERT INTO `info_game` (`config_name`,`config_value`) VALUES ('INITIAL_CELLSNACK',0);
INSERT INTO `info_game` (`config_name`,`config_value`) VALUES ('INITIAL_YUMICOIN',0);
INSERT INTO `info_game` (`config_name`,`config_value`) VALUES ('INITIAL_INVENTORY_MAXSIZE',200);
INSERT INTO `info_game` (`config_name`,`config_value`) VALUES ('INITIAL_CUSTOMER_COUNT',100);
INSERT INTO `info_game` (`config_name`,`config_value`) VALUES ('BILL_CHANGE_CHECK_THRESHOLD',10000);
INSERT INTO `info_game` (`config_name`,`config_value`) VALUES ('INGAME_DAY_DURATION_MINUTES',20);
INSERT INTO `info_game` (`config_name`,`config_value`) VALUES ('ANDROID_PACKAGE_NAME','com.nwaple.springtime');
INSERT INTO `info_game` (`config_name`,`config_value`) VALUES ('IOS_BUNDLE_ID','com.nwaple.springtime');
INSERT INTO `info_game` (`config_name`,`config_value`) VALUES ('FIREBASE_DEV_PROJECT_ID','com-nwaple-springtime-dev');
INSERT INTO `info_game` (`config_name`,`config_value`) VALUES ('FIREBASE_STAGE_PROJECT_ID','com-nwaple-springtime-dev');
INSERT INTO `info_game` (`config_name`,`config_value`) VALUES ('FIREBASE_PROD_PROJECT_ID','com-nwaple-springtime-dev');
INSERT INTO `info_game` (`config_name`,`config_value`) VALUES ('MAX_OFFLINE_REWARD_MINUTES',120);

-- InfoItem.xlsx / info_item
DELETE FROM `info_item`;
INSERT INTO `info_item` (`iisn`,`itemtype`,`title`,`description`,`thumbnail`,`can_resell`,`resell_imsn`,`resell_price`,`max_stack_count`) VALUES (1,1,'조각','조각 아이템입니다.',NULL,'Y',1,100,1);
INSERT INTO `info_item` (`iisn`,`itemtype`,`title`,`description`,`thumbnail`,`can_resell`,`resell_imsn`,`resell_price`,`max_stack_count`) VALUES (2,2,'드링크','부스터 아이템입니다.',NULL,'N',1,100,20);

-- InfoItem.xlsx / info_itemtype
DELETE FROM `info_itemtype`;
INSERT INTO `info_itemtype` (`itemtype`,`title`,`itemtype_code`) VALUES (1,'일반','ITEMTYPE_NORMAL');
INSERT INTO `info_itemtype` (`itemtype`,`title`,`itemtype_code`) VALUES (2,'부스터아이템','ITEMTYPE_BUSTER');

-- InfoItem.xlsx / info_welcome_item
DELETE FROM `info_welcome_item`;

-- InfoLanguage.xlsx / info_language
DELETE FROM `info_language`;
INSERT INTO `info_language` (`table_name`,`field_name`,`index_field_name`) VALUES ('info_cash_item','title','icisn');
INSERT INTO `info_language` (`table_name`,`field_name`,`index_field_name`) VALUES ('info_cash_item','description','icisn');
INSERT INTO `info_language` (`table_name`,`field_name`,`index_field_name`) VALUES ('info_category','title','category');
INSERT INTO `info_language` (`table_name`,`field_name`,`index_field_name`) VALUES ('info_cell','title','icsn');
INSERT INTO `info_language` (`table_name`,`field_name`,`index_field_name`) VALUES ('info_cell','description','icsn');
INSERT INTO `info_language` (`table_name`,`field_name`,`index_field_name`) VALUES ('info_item','title','iisn');
INSERT INTO `info_language` (`table_name`,`field_name`,`index_field_name`) VALUES ('info_item','description','iisn');
INSERT INTO `info_language` (`table_name`,`field_name`,`index_field_name`) VALUES ('info_itemtype','title','itemtype');
INSERT INTO `info_language` (`table_name`,`field_name`,`index_field_name`) VALUES ('info_money','title','imsn');
INSERT INTO `info_language` (`table_name`,`field_name`,`index_field_name`) VALUES ('info_msgcode','message','msgcode');
INSERT INTO `info_language` (`table_name`,`field_name`,`index_field_name`) VALUES ('info_msgcode','detail_message','msgcode');
INSERT INTO `info_language` (`table_name`,`field_name`,`index_field_name`) VALUES ('info_serverzone','title','servicetype');
INSERT INTO `info_language` (`table_name`,`field_name`,`index_field_name`) VALUES ('info_space','title','issn');
INSERT INTO `info_language` (`table_name`,`field_name`,`index_field_name`) VALUES ('info_space','description','issn');
INSERT INTO `info_language` (`table_name`,`field_name`,`index_field_name`) VALUES ('info_space_item','title','isisn');
INSERT INTO `info_language` (`table_name`,`field_name`,`index_field_name`) VALUES ('info_space_item','description','isisn');
INSERT INTO `info_language` (`table_name`,`field_name`,`index_field_name`) VALUES ('info_space_item','title','isisn');
INSERT INTO `info_language` (`table_name`,`field_name`,`index_field_name`) VALUES ('info_space_item','description','isisn');
INSERT INTO `info_language` (`table_name`,`field_name`,`index_field_name`) VALUES ('info_space_itemtype','title','space_itemtype');
INSERT INTO `info_language` (`table_name`,`field_name`,`index_field_name`) VALUES ('info_gacha','title','igsn');
INSERT INTO `info_language` (`table_name`,`field_name`,`index_field_name`) VALUES ('info_gacha','description','igsn');
INSERT INTO `info_language` (`table_name`,`field_name`,`index_field_name`) VALUES ('info_production','title','ipsn');
INSERT INTO `info_language` (`table_name`,`field_name`,`index_field_name`) VALUES ('info_production','description','ipsn');
INSERT INTO `info_language` (`table_name`,`field_name`,`index_field_name`) VALUES ('info_production_item','title','ipisn');
INSERT INTO `info_language` (`table_name`,`field_name`,`index_field_name`) VALUES ('info_production_item','description','ipisn');
INSERT INTO `info_language` (`table_name`,`field_name`,`index_field_name`) VALUES ('info_card_base','title','icbsn');
INSERT INTO `info_language` (`table_name`,`field_name`,`index_field_name`) VALUES ('info_card_base','description','icbsn');
INSERT INTO `info_language` (`table_name`,`field_name`,`index_field_name`) VALUES ('info_card_index','title','icisn');
INSERT INTO `info_language` (`table_name`,`field_name`,`index_field_name`) VALUES ('info_card_index','description','icisn');
INSERT INTO `info_language` (`table_name`,`field_name`,`index_field_name`) VALUES ('info_card_topholder','title','ictsn');
INSERT INTO `info_language` (`table_name`,`field_name`,`index_field_name`) VALUES ('info_card_topholder','description','ictsn');
INSERT INTO `info_language` (`table_name`,`field_name`,`index_field_name`) VALUES ('info_card_sleeve','title','icssn');
INSERT INTO `info_language` (`table_name`,`field_name`,`index_field_name`) VALUES ('info_card_sleeve','description','icssn');
INSERT INTO `info_language` (`table_name`,`field_name`,`index_field_name`) VALUES ('info_sticker','title','issn');
INSERT INTO `info_language` (`table_name`,`field_name`,`index_field_name`) VALUES ('info_sticker','description','issn');
INSERT INTO `info_language` (`table_name`,`field_name`,`index_field_name`) VALUES ('info_building','title','ibsn');
INSERT INTO `info_language` (`table_name`,`field_name`,`index_field_name`) VALUES ('info_building','description','ibsn');
INSERT INTO `info_language` (`table_name`,`field_name`,`index_field_name`) VALUES ('info_building_manager','title','ibmsn');
INSERT INTO `info_language` (`table_name`,`field_name`,`index_field_name`) VALUES ('info_building_manager','description','ibmsn');
INSERT INTO `info_language` (`table_name`,`field_name`,`index_field_name`) VALUES ('info_rarity','title','rarity');
INSERT INTO `info_language` (`table_name`,`field_name`,`index_field_name`) VALUES ('info_building_item','title','ibisn');
INSERT INTO `info_language` (`table_name`,`field_name`,`index_field_name`) VALUES ('info_building_item','description','ibisn');
INSERT INTO `info_language` (`table_name`,`field_name`,`index_field_name`) VALUES ('info_building_customer','title','ibcsn');
INSERT INTO `info_language` (`table_name`,`field_name`,`index_field_name`) VALUES ('info_building_customer','description','ibcsn');

-- InfoMoney.xlsx / info_money
DELETE FROM `info_money`;
INSERT INTO `info_money` (`imsn`,`title`,`moneycode`) VALUES (1,'지폐','BILL');
INSERT INTO `info_money` (`imsn`,`title`,`moneycode`) VALUES (2,'보석','GEM');
INSERT INTO `info_money` (`imsn`,`title`,`moneycode`) VALUES (3,'세포깡','CELLSNACK');
INSERT INTO `info_money` (`imsn`,`title`,`moneycode`) VALUES (4,'유미코인','YUMICOIN');

-- InfoMsgcode.xlsx / info_msgcode
DELETE FROM `info_msgcode`;
INSERT INTO `info_msgcode` (`msgcode`,`message`,`detail_message`) VALUES ('MSGCODE_OK','성공',NULL);
INSERT INTO `info_msgcode` (`msgcode`,`message`,`detail_message`) VALUES ('MSGCODE_DB_OK','성공',NULL);
INSERT INTO `info_msgcode` (`msgcode`,`message`,`detail_message`) VALUES ('MSGCODE_DB_ERROR','실패','DB ERROR');
INSERT INTO `info_msgcode` (`msgcode`,`message`,`detail_message`) VALUES ('MSGCODE_DB_PARTIAL_ERROR','실패','DB ERROR');
INSERT INTO `info_msgcode` (`msgcode`,`message`,`detail_message`) VALUES ('MSGCODE_REQUEST_EMPTY','실패','POST로 전달된 값 중 request값이 빈값임');
INSERT INTO `info_msgcode` (`msgcode`,`message`,`detail_message`) VALUES ('MSGCODE_REQUEST_UNDEFINE','실패','POST로 전달된 값 중 request값에 대응되는 서버 로직이 없음.( 즉, 미구현 API )');
INSERT INTO `info_msgcode` (`msgcode`,`message`,`detail_message`) VALUES ('MSGCODE_REQUEST_INVALID','실패','data값을 schema.json 정의에 따라 decoding후 파라미터 정보를 확인했을 때 값이 이상한 경우');
INSERT INTO `info_msgcode` (`msgcode`,`message`,`detail_message`) VALUES ('MSGCODE_AUTH_FAIL','실패','인증 실패(usn,ts,k값 확인 필요)');
INSERT INTO `info_msgcode` (`msgcode`,`message`,`detail_message`) VALUES ('MSGCODE_AUTH_NO_HTTPS','실패','HTTPS로 호출했는지 확인 필요');
INSERT INTO `info_msgcode` (`msgcode`,`message`,`detail_message`) VALUES ('MSGCODE_AUTH_INVALID_TOKEN','실패','유니티 검증 실패( playerId, accessToken 확인 필요 )');
INSERT INTO `info_msgcode` (`msgcode`,`message`,`detail_message`) VALUES ('MSGCODE_NOT_EXIST_INFO','실패','요청한 이름의 info파일이 서버에 없음');
INSERT INTO `info_msgcode` (`msgcode`,`message`,`detail_message`) VALUES ('MSGCODE_DATA_NOT_FOUND','실패','request를 처리하기 위한 관련 데이터를 DB에서 찾을 수 없음');
INSERT INTO `info_msgcode` (`msgcode`,`message`,`detail_message`) VALUES ('MSGCODE_LOGIN_ID_NOT_FOUND','실패',NULL);
INSERT INTO `info_msgcode` (`msgcode`,`message`,`detail_message`) VALUES ('MSGCODE_USER_BLOCKED','실패','접속 제한 - block된 유저가 로그인을 시도할 경우');
INSERT INTO `info_msgcode` (`msgcode`,`message`,`detail_message`) VALUES ('MSGCODE_SERVICE_MAINTENANCE','실패','서비스 점검시간에는 연결할 수 없습니다');
INSERT INTO `info_msgcode` (`msgcode`,`message`,`detail_message`) VALUES ('MSGCODE_FRIEND_INVITE_SELF','실패','친구 - 자기 자신을 초대함');
INSERT INTO `info_msgcode` (`msgcode`,`message`,`detail_message`) VALUES ('MSGCODE_FRIEND_INVITE_ALREADY','실패','친구 - 초대한 유저를 또 친구초대함');
INSERT INTO `info_msgcode` (`msgcode`,`message`,`detail_message`) VALUES ('MSGCODE_FRIEND_ACCEPT_NOT_FOUND','실패','친구 - 수락하고자 하는 초대 정보가 없음');
INSERT INTO `info_msgcode` (`msgcode`,`message`,`detail_message`) VALUES ('MSGCODE_FRIEND_REJECT_NOT_FOUND','실패','친구 - 거절하고자 하는 초대 정보가 없음');
INSERT INTO `info_msgcode` (`msgcode`,`message`,`detail_message`) VALUES ('MSGCODE_NICKNAME_INVALID','실패','유저 - 바꾸려는 닉네임이 형식에 맞지 않음');
INSERT INTO `info_msgcode` (`msgcode`,`message`,`detail_message`) VALUES ('MSGCODE_NICKNAME_DUPLICATED','실패','유저 - 바꾸려는 닉네임을 이미 쓰고 있음.');
INSERT INTO `info_msgcode` (`msgcode`,`message`,`detail_message`) VALUES ('MSGCODE_ITEM_NOT_MYITEM','실패','아이템 - 지정된 isn이 해당 유저 소유가 아님');
INSERT INTO `info_msgcode` (`msgcode`,`message`,`detail_message`) VALUES ('MSGCODE_ITEM_CANNOT_PLACE','실패','아이템 - 배치 불가');
INSERT INTO `info_msgcode` (`msgcode`,`message`,`detail_message`) VALUES ('MSGCODE_ITEM_LIMIT_MAXCOUNT','실패','아이템 - 지급 불가 / 인벤토리 용량 초과');
INSERT INTO `info_msgcode` (`msgcode`,`message`,`detail_message`) VALUES ('MSGCODE_ITEM_CANNOT_INVALID_COUNT','실패','아이템 - 구매아이템 개수 오류');
INSERT INTO `info_msgcode` (`msgcode`,`message`,`detail_message`) VALUES ('MSGCODE_NOT_EXIST_CELL_INFO','실패','세포 - 세포정보(icsn) 확인 불가');
INSERT INTO `info_msgcode` (`msgcode`,`message`,`detail_message`) VALUES ('MSGCODE_NOT_EXIST_ITEM_INFO','실패','아이템 - 아이템정보(iisn) 확인 불가');
INSERT INTO `info_msgcode` (`msgcode`,`message`,`detail_message`) VALUES ('MSGCODE_NOT_EXIST_MONEY_INFO','실패','재화 - 재화정보(imsn) 확인 불가');
INSERT INTO `info_msgcode` (`msgcode`,`message`,`detail_message`) VALUES ('MSGCODE_NOT_EXIST_SHOP_INFO','실패','상점 - 상점정보(issn) 확인 불가');
INSERT INTO `info_msgcode` (`msgcode`,`message`,`detail_message`) VALUES ('MSGCODE_NOT_EXIST_ITEM_SHOP_INFO','실패','상점 - 아이템상점정보(iisdsn) 확인 불가');
INSERT INTO `info_msgcode` (`msgcode`,`message`,`detail_message`) VALUES ('MSGCODE_NOT_EXIST_SPACE_ITEM_SHOP_INFO','실패','상점 - 배치아이템상점정보(isisdsn) 확인 불가');
INSERT INTO `info_msgcode` (`msgcode`,`message`,`detail_message`) VALUES ('MSGCODE_NOT_EXIST_CELL_SHOP_INFO','실패','상점 - 세포상점(icsdsn) 확인 불가');
INSERT INTO `info_msgcode` (`msgcode`,`message`,`detail_message`) VALUES ('MSGCODE_NOT_EXIST_GACHA_INFO','실패','소환 - 소환정보(igsn) 확인 불가');
INSERT INTO `info_msgcode` (`msgcode`,`message`,`detail_message`) VALUES ('MSGCODE_NOT_EXIST_GACHA_ITEM_INFO','실패','소환 - 소환아이템정보(igisn) 확인 불가');
INSERT INTO `info_msgcode` (`msgcode`,`message`,`detail_message`) VALUES ('MSGCODE_SPACEITEM_NOT_MYITEM','실패','공간아이템 - 지정된 sisn이 해당 유저 소유가 아님');
INSERT INTO `info_msgcode` (`msgcode`,`message`,`detail_message`) VALUES ('MSGCODE_SPACEITEM_CANNOT_PLACE','실패','공간아이템 - 배치된 아이템만 이동시킬 수 있음');
INSERT INTO `info_msgcode` (`msgcode`,`message`,`detail_message`) VALUES ('MSGCODE_SPACEITEM_CANNOT_INVEN','실패','공간아이템 - 배치된 아이템만 가방에 다시 넣을 수 있음');
INSERT INTO `info_msgcode` (`msgcode`,`message`,`detail_message`) VALUES ('MSGCODE_NOT_ENOUGH_BILL','실패','아이탬 구매 실패 - 보유한 골드가 부족함.');
INSERT INTO `info_msgcode` (`msgcode`,`message`,`detail_message`) VALUES ('MSGCODE_NOT_ENOUGH_GEM','실패','아이템 구매 실패 - 보유한 캐시가 부족함.');
INSERT INTO `info_msgcode` (`msgcode`,`message`,`detail_message`) VALUES ('MSGCODE_NOT_EXIST_ANDROID_PACKAGE_NAME','실패','Android Package name이 없음.');
INSERT INTO `info_msgcode` (`msgcode`,`message`,`detail_message`) VALUES ('MSGCODE_NOT_EXIST_IOS_BUNDLE_ID','실패','iOS Bundle ID가 없음');
INSERT INTO `info_msgcode` (`msgcode`,`message`,`detail_message`) VALUES ('MSGCODE_NOT_EXIST_FIREBASE_PROJECT_ID','실패','Firebase Project ID가 없음');
INSERT INTO `info_msgcode` (`msgcode`,`message`,`detail_message`) VALUES ('MSGCODE_ERROR_ANDROID_INVALID_PARAMETER','실패','Android 영수증 검증 - 상품 ID 또는 구매 토큰이 비어 있음');
INSERT INTO `info_msgcode` (`msgcode`,`message`,`detail_message`) VALUES ('MSGCODE_ERROR_ANDROID_SERVICE_ACCOUNT_NOT_CONFIGURED','실패','Android 영수증 검증 - Google Play 서비스 계정이 설정되지 않음');
INSERT INTO `info_msgcode` (`msgcode`,`message`,`detail_message`) VALUES ('MSGCODE_ERROR_ANDROID_JWT_SIGN_FAILED','실패','Android 영수증 검증 - Google Play JWT 서명 생성 실패');
INSERT INTO `info_msgcode` (`msgcode`,`message`,`detail_message`) VALUES ('MSGCODE_ERROR_ANDROID_ACCESS_TOKEN_REQUEST_FAILED','실패','Android 영수증 검증 - Google OAuth 액세스 토큰 요청 또는 응답 오류');
INSERT INTO `info_msgcode` (`msgcode`,`message`,`detail_message`) VALUES ('MSGCODE_ERROR_ANDROID_PURCHASE_REQUEST_FAILED','실패','Android 영수증 검증 - Google Play 구매 조회 요청 또는 응답 오류');
INSERT INTO `info_msgcode` (`msgcode`,`message`,`detail_message`) VALUES ('MSGCODE_ERROR_ANDROID_TEST_PURCHASE_NOT_ALLOWED','실패','Android 영수증 검증 - 운영 서비스에서 테스트 구매를 허용하지 않음');
INSERT INTO `info_msgcode` (`msgcode`,`message`,`detail_message`) VALUES ('MSGCODE_ERROR_ANDROID_PURCHASE_NOT_COMPLETED','실패','Android 영수증 검증 - Google Play 구매가 완료 상태가 아님');
INSERT INTO `info_msgcode` (`msgcode`,`message`,`detail_message`) VALUES ('MSGCODE_ERROR_IOS_INVALID_PARAMETER','실패','iOS 영수증 검증 - 영수증, 상품 ID 또는 거래 ID가 비어 있음');
INSERT INTO `info_msgcode` (`msgcode`,`message`,`detail_message`) VALUES ('MSGCODE_ERROR_IOS_PRODUCTION_REQUEST_FAILED','실패','iOS 영수증 검증 - App Store 프로덕션 영수증 검증 요청 또는 응답 오류');
INSERT INTO `info_msgcode` (`msgcode`,`message`,`detail_message`) VALUES ('MSGCODE_ERROR_IOS_SANDBOX_NOT_ALLOWED','실패','iOS 영수증 검증 - 운영 서비스에서 샌드박스 영수증을 허용하지 않음');
INSERT INTO `info_msgcode` (`msgcode`,`message`,`detail_message`) VALUES ('MSGCODE_ERROR_IOS_SANDBOX_REQUEST_FAILED','실패','iOS 영수증 검증 - App Store 샌드박스 영수증 검증 요청 또는 응답 오류');
INSERT INTO `info_msgcode` (`msgcode`,`message`,`detail_message`) VALUES ('MSGCODE_ERROR_IOS_INVALID_STATUS','실패','iOS 영수증 검증 - App Store 영수증 검증 상태가 성공이 아님');
INSERT INTO `info_msgcode` (`msgcode`,`message`,`detail_message`) VALUES ('MSGCODE_ERROR_IOS_PURCHASE_MISMATCH','실패','iOS 영수증 검증 - 상품 ID 또는 거래 ID가 영수증과 일치하지 않음');
INSERT INTO `info_msgcode` (`msgcode`,`message`,`detail_message`) VALUES ('MSGCODE_ERROR_PUSH_TOKEN_NOT_FOUND','실패','푸시발송 - 사용자에게 등록된 FCM push token이 없음');
INSERT INTO `info_msgcode` (`msgcode`,`message`,`detail_message`) VALUES ('MSGCODE_ERROR_PUSH_INVALID_PARAMETER','실패','푸시발송 - FCM push token 또는 push 데이터가 올바르지 않음');
INSERT INTO `info_msgcode` (`msgcode`,`message`,`detail_message`) VALUES ('MSGCODE_ERROR_PUSH_SERVICE_ACCOUNT_NOT_CONFIGURED','실패','푸시발송 - Firebase 서비스 계정이 설정되지 않음');
INSERT INTO `info_msgcode` (`msgcode`,`message`,`detail_message`) VALUES ('MSGCODE_ERROR_PUSH_JWT_SIGN_FAILED','실패','푸시발송 - Firebase OAuth JWT 서명 생성 실패');
INSERT INTO `info_msgcode` (`msgcode`,`message`,`detail_message`) VALUES ('MSGCODE_ERROR_PUSH_ACCESS_TOKEN_REQUEST_FAILED','실패','푸시발송 - Google OAuth 액세스 토큰 요청 또는 응답 오류');
INSERT INTO `info_msgcode` (`msgcode`,`message`,`detail_message`) VALUES ('MSGCODE_ERROR_PUSH_PAYLOAD_ENCODE_FAILED','실패','푸시발송 - FCM 메시지 JSON 생성 실패');
INSERT INTO `info_msgcode` (`msgcode`,`message`,`detail_message`) VALUES ('MSGCODE_ERROR_PUSH_REQUEST_FAILED','실패','푸시발송 - FCM HTTP v1 요청 또는 응답 오류');
INSERT INTO `info_msgcode` (`msgcode`,`message`,`detail_message`) VALUES ('MSGCODE_ERROR_PUSH_RESPONSE_INVALID','실패','푸시발송 - FCM 성공 응답에 메시지 ID가 없음');
INSERT INTO `info_msgcode` (`msgcode`,`message`,`detail_message`) VALUES ('MSGCODE_GACHA_CANNOT_DECIDE','실패','소환 - 소환아이템 확정 실패');
INSERT INTO `info_msgcode` (`msgcode`,`message`,`detail_message`) VALUES ('MSGCODE_NOT_EXIST_BUILDING_INFO','실패','빌딩 - 빌딩정보(ibsn)가 없음.');
INSERT INTO `info_msgcode` (`msgcode`,`message`,`detail_message`) VALUES ('MSGCODE_NOT_EXIST_BUILDING_ITEM_INFO','실패','빌딩 - 빌딩아이템 정보(ibisn)가 없음.');
INSERT INTO `info_msgcode` (`msgcode`,`message`,`detail_message`) VALUES ('MSGCODE_NOT_EXIST_BUILDING_MANAGER_INFO','실패','빌딩 - 빌딩매니져 정보(ibmsn)가 없음.');
INSERT INTO `info_msgcode` (`msgcode`,`message`,`detail_message`) VALUES ('MSGCODE_ITEM_INVALID_PRICE','실패','아이템 - 가격 정보 오류( > 0이어야 함. )');
INSERT INTO `info_msgcode` (`msgcode`,`message`,`detail_message`) VALUES ('MSGCODE_NOT_EXIST_BUILDING_DATA','실패','건물 - bsn에 해당하는 정보가 없음.');
INSERT INTO `info_msgcode` (`msgcode`,`message`,`detail_message`) VALUES ('MSGCODE_NOT_OWN_BUILDING_DATA','실패','건물 - 해당 건물의 소유주가 내가 아님.');
INSERT INTO `info_msgcode` (`msgcode`,`message`,`detail_message`) VALUES ('MSGCODE_NOT_EXIST_BUILDING_GRADE_INFO','실패','건물 - 해당 건물의 Grade정보가 없음.');
INSERT INTO `info_msgcode` (`msgcode`,`message`,`detail_message`) VALUES ('MSGCODE_INVALID_BUILDING_GRADE','실패','건물 - 요청한 next_grade가 현재 grade + 1이 아님.');

-- InfoProduction.xlsx / info_production
DELETE FROM `info_production`;
INSERT INTO `info_production` (`ipsn`,`title`,`description`,`productioncode`) VALUES (1,'밭','농지입니다.','PRODUCTION_PARM');

-- InfoProduction.xlsx / info_production_item
DELETE FROM `info_production_item`;
INSERT INTO `info_production_item` (`ipisn`,`ipsn`,`title`,`description`,`thumbnail`,`open_imsn`,`open_price`) VALUES (1,1,'벼','생산입니다.',NULL,1,1000);
INSERT INTO `info_production_item` (`ipisn`,`ipsn`,`title`,`description`,`thumbnail`,`open_imsn`,`open_price`) VALUES (2,1,'쌀','생산입니다.',NULL,1,1000);

-- InfoRarity.xlsx / info_rarity
DELETE FROM `info_rarity`;
INSERT INTO `info_rarity` (`rarity`,`title`,`color`,`code`) VALUES (0,'일반','FFFFFF','COMMON');
INSERT INTO `info_rarity` (`rarity`,`title`,`color`,`code`) VALUES (1,'고급','00FF00','UNCOMMON');
INSERT INTO `info_rarity` (`rarity`,`title`,`color`,`code`) VALUES (2,'희귀','00BFFF','RARE');
INSERT INTO `info_rarity` (`rarity`,`title`,`color`,`code`) VALUES (3,'영웅','FF2400','EPIC');
INSERT INTO `info_rarity` (`rarity`,`title`,`color`,`code`) VALUES (4,'전설','B200FF','LEGENDARY');
INSERT INTO `info_rarity` (`rarity`,`title`,`color`,`code`) VALUES (5,'신화','FFDD00','MYTHIC');
INSERT INTO `info_rarity` (`rarity`,`title`,`color`,`code`) VALUES (6,'유일','00FFFF','UNIQUE');

-- InfoServerzone.xlsx / info_serverzone
DELETE FROM `info_serverzone`;
INSERT INTO `info_serverzone` (`servicetype`,`title`,`timezone_offset`) VALUES (102,'개발서버(한국)',9);

-- InfoShop.xlsx / info_shop
DELETE FROM `info_shop`;
INSERT INTO `info_shop` (`issn`,`shoptype`,`shopcode`,`title`,`description`,`thumbnail`,`is_show`,`display_order`) VALUES (1,1,'SHOP_NORMAL','기본 상점','기본 상점입니다.',NULL,'Y',1);
INSERT INTO `info_shop` (`issn`,`shoptype`,`shopcode`,`title`,`description`,`thumbnail`,`is_show`,`display_order`) VALUES (2,2,'SHOP_CASH','건물 상점','건물 상점입니다.',NULL,'Y',1);
INSERT INTO `info_shop` (`issn`,`shoptype`,`shopcode`,`title`,`description`,`thumbnail`,`is_show`,`display_order`) VALUES (3,1,'SHOP_NORMAL2','기본 상점2','기본 상점입니다.',NULL,'Y',2);
INSERT INTO `info_shop` (`issn`,`shoptype`,`shopcode`,`title`,`description`,`thumbnail`,`is_show`,`display_order`) VALUES (4,3,'SHOP_PLANT','건물 상점','건물 상점입니다.',NULL,'Y',1);

-- InfoShop.xlsx / info_shoptype
DELETE FROM `info_shoptype`;
INSERT INTO `info_shoptype` (`shoptype`,`title`) VALUES (1,'아이템 상점');
INSERT INTO `info_shoptype` (`shoptype`,`title`) VALUES (2,'캐쉬 상점');
INSERT INTO `info_shoptype` (`shoptype`,`title`) VALUES (3,'건물 상점');

-- InfoShop.xlsx / info_item_shop_display
DELETE FROM `info_item_shop_display`;
INSERT INTO `info_item_shop_display` (`iisdsn`,`issn`,`iisn`,`count`,`imsn`,`price`,`display_order`) VALUES (1,1,1,1,1,1000,1);
INSERT INTO `info_item_shop_display` (`iisdsn`,`issn`,`iisn`,`count`,`imsn`,`price`,`display_order`) VALUES (2,1,2,1,1,1000,2);
INSERT INTO `info_item_shop_display` (`iisdsn`,`issn`,`iisn`,`count`,`imsn`,`price`,`display_order`) VALUES (3,1,1,1,1,1000,3);
INSERT INTO `info_item_shop_display` (`iisdsn`,`issn`,`iisn`,`count`,`imsn`,`price`,`display_order`) VALUES (4,1,1,1,1,1000,4);

-- InfoShop.xlsx / info_space_item_shop_display
DELETE FROM `info_space_item_shop_display`;
INSERT INTO `info_space_item_shop_display` (`isisdsn`,`issn`,`isisn`,`imsn`,`price`,`display_order`) VALUES (1,1,1,1,1000,1);
INSERT INTO `info_space_item_shop_display` (`isisdsn`,`issn`,`isisn`,`imsn`,`price`,`display_order`) VALUES (2,1,2,1,1000,2);

-- InfoShop.xlsx / info_cell_shop_display
DELETE FROM `info_cell_shop_display`;
INSERT INTO `info_cell_shop_display` (`icsdsn`,`issn`,`icsn`,`imsn`,`price`,`display_order`) VALUES (1,1,1,1,1000,1);
INSERT INTO `info_cell_shop_display` (`icsdsn`,`issn`,`icsn`,`imsn`,`price`,`display_order`) VALUES (2,1,2,1,1000,2);
INSERT INTO `info_cell_shop_display` (`icsdsn`,`issn`,`icsn`,`imsn`,`price`,`display_order`) VALUES (3,1,3,1,1000,3);
INSERT INTO `info_cell_shop_display` (`icsdsn`,`issn`,`icsn`,`imsn`,`price`,`display_order`) VALUES (4,1,4,1,1000,4);

-- InfoSpace.xlsx / info_space
DELETE FROM `info_space`;
INSERT INTO `info_space` (`issn`,`title`,`description`,`world`) VALUES (1,'기본섬','기본섬 입니다.','DEFAULT');

-- InfoSpaceItem.xlsx / info_space_item
DELETE FROM `info_space_item`;
INSERT INTO `info_space_item` (`isisn`,`space_itemtype`,`title`,`description`,`model`,`thumbnail`,`width`,`height`,`depth`,`rotate_y`,`can_resell`,`resell_imsn`,`resell_price`,`can_place_on_top`) VALUES (1,1,'조각','조각 아이템입니다.','si_1',NULL,1,1,1,0,'Y',1,100,'Y');
INSERT INTO `info_space_item` (`isisn`,`space_itemtype`,`title`,`description`,`model`,`thumbnail`,`width`,`height`,`depth`,`rotate_y`,`can_resell`,`resell_imsn`,`resell_price`,`can_place_on_top`) VALUES (2,2,'발전소','발전소 아이템입니다.','si_2',NULL,2,1,2,0,'N',1,100,'N');

-- InfoSpaceItem.xlsx / info_space_itemtype
DELETE FROM `info_space_itemtype`;
INSERT INTO `info_space_itemtype` (`space_itemtype`,`title`,`space_itemtype_code`) VALUES (1,'일반','ITEMTYPE_NORMAL');
INSERT INTO `info_space_itemtype` (`space_itemtype`,`title`,`space_itemtype_code`) VALUES (2,'발전소','ITEMTYPE_PLANT');

-- InfoSpaceItem.xlsx / info_welcome_space_item
DELETE FROM `info_welcome_space_item`;

-- InfoUserLevel.xlsx / info_user_level
DELETE FROM `info_user_level`;
INSERT INTO `info_user_level` (`level`,`required_exp`,`required_total_exp`) VALUES (1,0,0);
INSERT INTO `info_user_level` (`level`,`required_exp`,`required_total_exp`) VALUES (2,4,4);
INSERT INTO `info_user_level` (`level`,`required_exp`,`required_total_exp`) VALUES (3,8,12);
INSERT INTO `info_user_level` (`level`,`required_exp`,`required_total_exp`) VALUES (4,16,28);
INSERT INTO `info_user_level` (`level`,`required_exp`,`required_total_exp`) VALUES (5,32,60);
INSERT INTO `info_user_level` (`level`,`required_exp`,`required_total_exp`) VALUES (6,64,124);
INSERT INTO `info_user_level` (`level`,`required_exp`,`required_total_exp`) VALUES (7,128,252);
INSERT INTO `info_user_level` (`level`,`required_exp`,`required_total_exp`) VALUES (8,256,508);
INSERT INTO `info_user_level` (`level`,`required_exp`,`required_total_exp`) VALUES (9,512,1020);
INSERT INTO `info_user_level` (`level`,`required_exp`,`required_total_exp`) VALUES (10,1024,2044);

-- InfoUserLevel.xlsx / info_user_levelup_reward
DELETE FROM `info_user_levelup_reward`;
INSERT INTO `info_user_levelup_reward` (`iulrsn`,`level`,`category`,`gift_sn`,`gift_count`) VALUES (1,2,'ITEM',1,1);
INSERT INTO `info_user_levelup_reward` (`iulrsn`,`level`,`category`,`gift_sn`,`gift_count`) VALUES (2,2,'SPACE_ITEM',1,1);
INSERT INTO `info_user_levelup_reward` (`iulrsn`,`level`,`category`,`gift_sn`,`gift_count`) VALUES (3,2,'CELL',1,1);
INSERT INTO `info_user_levelup_reward` (`iulrsn`,`level`,`category`,`gift_sn`,`gift_count`) VALUES (4,2,'MONEY',1,2000);

COMMIT;
SET FOREIGN_KEY_CHECKS=@OLD_FOREIGN_KEY_CHECKS;
